{"id":69,"date":"2019-10-28T12:34:58","date_gmt":"2019-10-28T12:34:58","guid":{"rendered":"http:\/\/lumiererosario.gob.ar\/web\/?page_id=69"},"modified":"2026-01-30T12:10:00","modified_gmt":"2026-01-30T15:10:00","slug":"talleres","status":"publish","type":"page","link":"https:\/\/lumiererosario.gob.ar\/web\/talleres\/","title":{"rendered":"ESPACIO DE FORMACI\u00d3N"},"content":{"rendered":"\t\t<div data-elementor-type=\"wp-page\" data-elementor-id=\"69\" class=\"elementor elementor-69\">\n\t\t\t\t\t\t<section class=\"elementor-section elementor-top-section elementor-element elementor-element-dda43a1 elementor-section-boxed elementor-section-height-default elementor-section-height-default\" data-id=\"dda43a1\" data-element_type=\"section\" data-e-type=\"section\">\n\t\t\t\t\t\t<div class=\"elementor-container elementor-column-gap-default\">\n\t\t\t\t\t<div class=\"elementor-column elementor-col-100 elementor-top-column elementor-element elementor-element-8b41fad\" data-id=\"8b41fad\" data-element_type=\"column\" data-e-type=\"column\">\n\t\t\t<div class=\"elementor-widget-wrap elementor-element-populated\">\n\t\t\t\t\t\t<div class=\"elementor-element elementor-element-db5a6c6 elementor-widget elementor-widget-text-editor\" data-id=\"db5a6c6\" data-element_type=\"widget\" data-e-type=\"widget\" data-widget_type=\"text-editor.default\">\n\t\t\t\t<div class=\"elementor-widget-container\">\n\t\t\t\t\t\t\t\t\t<h3>Escuela Para Animadores<\/h3><div><div><a href=\"https:\/\/lumiererosario.gob.ar\/web\/wp-content\/uploads\/2025\/01\/Escuela-para-Animadores-1-scaled.jpg\"><img fetchpriority=\"high\" decoding=\"async\" class=\"wp-image-11363 size-medium alignright\" src=\"https:\/\/lumiererosario.gob.ar\/web\/wp-content\/uploads\/2025\/01\/Escuela-para-Animadores-1-300x169.jpg\" alt=\"\" width=\"300\" height=\"169\" srcset=\"https:\/\/lumiererosario.gob.ar\/web\/wp-content\/uploads\/2025\/01\/Escuela-para-Animadores-1-300x169.jpg 300w, https:\/\/lumiererosario.gob.ar\/web\/wp-content\/uploads\/2025\/01\/Escuela-para-Animadores-1-1024x577.jpg 1024w, https:\/\/lumiererosario.gob.ar\/web\/wp-content\/uploads\/2025\/01\/Escuela-para-Animadores-1-768x433.jpg 768w, https:\/\/lumiererosario.gob.ar\/web\/wp-content\/uploads\/2025\/01\/Escuela-para-Animadores-1-1536x865.jpg 1536w, https:\/\/lumiererosario.gob.ar\/web\/wp-content\/uploads\/2025\/01\/Escuela-para-Animadores-1-2048x1154.jpg 2048w, https:\/\/lumiererosario.gob.ar\/web\/wp-content\/uploads\/2025\/01\/Escuela-para-Animadores-1-370x208.jpg 370w\" sizes=\"(max-width: 300px) 100vw, 300px\" \/><\/a><\/div><div>\u00a0<\/div><div>Se trata de una propuesta de educaci\u00f3n no formal (de las pocas existentes en nuestro pa\u00eds) <span style=\"font-family: var( --e-global-typography-text-font-family ), Sans-serif; font-weight: var( --e-global-typography-text-font-weight ); font-size: 0.875rem;\">destinada a dibujantes, ilustradores, artistas pl\u00e1sticos, dise\u00f1ado<\/span><span style=\"font-family: var( --e-global-typography-text-font-family ), Sans-serif; font-weight: var( --e-global-typography-text-font-weight ); font-size: 0.875rem;\">res y realizadores audiovisuales <\/span><span style=\"font-family: var( --e-global-typography-text-font-family ), Sans-serif; font-weight: var( --e-global-typography-text-font-weight ); font-size: 0.875rem;\">mayores de 18 a\u00f1os que quieran expresarse a trav\u00e9s del lenguaje y t\u00e9cnicas de la animaci\u00f3n.\u00a0<\/span><\/div><div>Recibe anualmente a estudiantes de la regi\u00f3n, de nuestro pa\u00eds y de pa\u00edses lim\u00edtrofes y cuenta\u00a0<span style=\"font-family: var( --e-global-typography-text-font-family ), Sans-serif; font-weight: var( --e-global-typography-text-font-weight ); font-size: 0.875rem;\">con m\u00e1s de 500 animadores egresados.\u00a0 <\/span>Los cortometrajes realizados durante el\u00a0curso forman parte de la <span style=\"color: #0000ff;\"><a style=\"color: #0000ff;\" href=\"https:\/\/lumiererosario.gob.ar\/web\/cinemateca\/\">Cinemateca<\/a><\/span> que promueve su\u00a0<span style=\"font-family: var( --e-global-typography-text-font-family ), Sans-serif; font-weight: var( --e-global-typography-text-font-weight ); font-size: 0.875rem;\">preservaci\u00f3n y su difusi\u00f3n en festivales y circuitos de exhibici\u00f3n nacionales e internacionales<\/span><\/div><div>\u00a0<\/div><div>Funciona desde 2006 en el Espacio Animado de La Isla de los Inventos (Corrientes y Av.\u00a0<span style=\"font-family: var( --e-global-typography-text-font-family ), Sans-serif; font-weight: var( --e-global-typography-text-font-weight ); font-size: 0.875rem;\">Wheelwright)<\/span><\/div><div><span style=\"font-family: var( --e-global-typography-text-font-family ), Sans-serif; font-weight: var( --e-global-typography-text-font-weight ); font-size: 0.875rem;\">\u00a0<\/span><\/div><div>\u00a0<\/div><div><strong><span style=\"color: #339966;\"><a style=\"color: #339966;\" href=\"https:\/\/www.rosario.gob.ar\/inicio\/inscripcion-la-escuela-para-animadores\"><span style=\"font-family: var( --e-global-typography-text-font-family ), Sans-serif; font-size: 0.875rem;\">INSCRIPCI\u00d3N 2026<\/span><\/a><\/span><\/strong><\/div><div><strong>\u00a0<\/strong><\/div><div><span style=\"color: #8000f0;\"><a style=\"color: #8000f0;\" href=\"https:\/\/drive.google.com\/file\/d\/1_FxgkhpMXdsJHIPZmlpW_6wisE5a9CGr\/view?usp=drive_link\"><strong>CAT\u00c1LOGO 2025<\/strong><\/a><\/span><\/div><div>\u00a0<\/div><\/div><div><span style=\"color: #ff0000;\"><strong><a style=\"color: #ff0000;\" href=\"https:\/\/drive.google.com\/file\/d\/1JboGNXr9F_MD9acLTOxjxFmSQ8f6J-rA\/view?usp=sharing\"><span style=\"font-family: var( --e-global-typography-text-font-family ), Sans-serif; font-size: 0.875rem;\">CAT\u00c1LOGO 2024<\/span><\/a><\/strong><\/span><\/div><p><a href=\"https:\/\/www.escuelaanimadores.gob.ar\/\"><strong><span style=\"color: #0000ff;\">WEB<\/span><\/strong><\/a><\/p><div><div>\u00a0<\/div><\/div><h3>Laboratorio: escribir un guion<\/h3><p>La escritura de un guion es la invenci\u00f3n y la construcci\u00f3n de un mundo posible por lo que no existe el<a href=\"https:\/\/lumiererosario.gob.ar\/web\/wp-content\/uploads\/2023\/12\/Laboratorio-de-guion_web.jpg\"><img decoding=\"async\" class=\"wp-image-9013 alignright\" src=\"https:\/\/lumiererosario.gob.ar\/web\/wp-content\/uploads\/2023\/12\/Laboratorio-de-guion_web-300x258.jpg\" alt=\"\" width=\"314\" height=\"270\" srcset=\"https:\/\/lumiererosario.gob.ar\/web\/wp-content\/uploads\/2023\/12\/Laboratorio-de-guion_web-300x258.jpg 300w, https:\/\/lumiererosario.gob.ar\/web\/wp-content\/uploads\/2023\/12\/Laboratorio-de-guion_web-370x318.jpg 370w, https:\/\/lumiererosario.gob.ar\/web\/wp-content\/uploads\/2023\/12\/Laboratorio-de-guion_web.jpg 768w\" sizes=\"(max-width: 314px) 100vw, 314px\" \/><\/a> manual de instrucciones infalible para llevarla a cabo. En este laboratorio proponemos claves de escritura y reflexiones sobre el guion que nos acerquen a la realizaci\u00f3n de un relato audiovisual.<\/p><p>Abordaremos las formas del texto guion\u00edstico, los lazos entre la escritura y el montaje cinematogr\u00e1fico, la escritura de la puesta en escena, las estructuras posibles del relato, la escritura del sonido y de los di\u00e1logos, la caracterizaci\u00f3n de los personajes y la estructuraci\u00f3n temporal, planteando las particularidades de los diversos formatos: cortometraje, largometraje y serie de ficci\u00f3n. Acompa\u00f1aremos este abordaje con reflexiones y pensamientos sobre el cine y el lenguaje de las im\u00e1genes desde el prisma que nos aporta la contemporaneidad.<\/p><p>Se producir\u00e1n textos con el objetivo de que se conviertan en insumo para proyectos audiovisuales futuros.<\/p><p><strong>Cine Lumi\u00e8re<\/strong> (V\u00e9lez Sarsfield 1027) | <strong>Coordina<\/strong>: <strong>Andr\u00e9s Nicol\u00e1s<\/strong><\/p><p>\u00a0<\/p><h3>Introducci\u00f3n a la operaci\u00f3n de c\u00e1mara de video para registro de eventos culturales y sociales<\/h3><p>\u00a0<\/p><p><a href=\"https:\/\/lumiererosario.gob.ar\/web\/wp-content\/uploads\/2025\/05\/\u00bfQue-diferencia-hay-entre-cinematografia-y-direccion-de-cine-2.jpg\"><img decoding=\"async\" class=\" wp-image-11766 alignright\" src=\"https:\/\/lumiererosario.gob.ar\/web\/wp-content\/uploads\/2025\/05\/\u00bfQue-diferencia-hay-entre-cinematografia-y-direccion-de-cine-2-300x200.jpg\" alt=\"\" width=\"304\" height=\"243\" \/><\/a><\/p><p>Como parte de uno de los ejes de acci\u00f3n del proyecto Punto Audiovisual con sede en el Cine<br \/>Lumi\u00e8re que presenta un espacio de formaci\u00f3n en relaci\u00f3n al lenguaje audiovisual, proponemos<br \/>esta experiencia de aprendizaje donde compartiremos las herramientas t\u00e9cnicas para el manejo<br \/>adecuado de c\u00e1maras de video profesionales y semi profesionales, junto a los criterios<br \/>conceptuales relacionados a la planificaci\u00f3n del trabajo de registro audiovisual y cobertura de<br \/>eventos sociales y culturales. Conceptos generales aplicables tambi\u00e9n al registro con c\u00e1mara de<br \/>tel\u00e9fono m\u00f3vil<\/p><p><em>Esta experiencia forma parte del Programa Oficios Culturales, que busca ofrecer una capacitaci\u00f3n que habilite una salida laboral en oficios ligados a la producci\u00f3n cultural, atendiendo una demanda social desde las pol\u00edticas p\u00fablicas de la Universidad Nacional de Rosario y la Municipalidad de Rosario.<\/em><\/p><p><strong>\u00a0<\/strong><\/p>\t\t\t\t\t\t\t\t<\/div>\n\t\t\t\t<\/div>\n\t\t\t\t\t<\/div>\n\t\t<\/div>\n\t\t\t\t\t<\/div>\n\t\t<\/section>\n\t\t\t\t<section class=\"elementor-section elementor-top-section elementor-element elementor-element-d552e95 elementor-section-boxed elementor-section-height-default elementor-section-height-default\" data-id=\"d552e95\" data-element_type=\"section\" data-e-type=\"section\">\n\t\t\t\t\t\t<div class=\"elementor-container elementor-column-gap-default\">\n\t\t\t\t\t<div class=\"elementor-column elementor-col-100 elementor-top-column elementor-element elementor-element-511b801\" data-id=\"511b801\" data-element_type=\"column\" data-e-type=\"column\">\n\t\t\t<div class=\"elementor-widget-wrap elementor-element-populated\">\n\t\t\t\t\t\t\t<\/div>\n\t\t<\/div>\n\t\t\t\t\t<\/div>\n\t\t<\/section>\n\t\t\t\t<section class=\"elementor-section elementor-top-section elementor-element elementor-element-78fc917 elementor-section-boxed elementor-section-height-default elementor-section-height-default\" data-id=\"78fc917\" data-element_type=\"section\" data-e-type=\"section\">\n\t\t\t\t\t\t<div class=\"elementor-container elementor-column-gap-default\">\n\t\t\t\t\t<div class=\"elementor-column elementor-col-100 elementor-top-column elementor-element elementor-element-7d8ca05\" data-id=\"7d8ca05\" data-element_type=\"column\" data-e-type=\"column\">\n\t\t\t<div class=\"elementor-widget-wrap elementor-element-populated\">\n\t\t\t\t\t\t<section class=\"elementor-section elementor-inner-section elementor-element elementor-element-fe22298 elementor-section-boxed elementor-section-height-default elementor-section-height-default\" data-id=\"fe22298\" data-element_type=\"section\" data-e-type=\"section\">\n\t\t\t\t\t\t<div class=\"elementor-container elementor-column-gap-default\">\n\t\t\t\t\t<div class=\"elementor-column elementor-col-50 elementor-inner-column elementor-element elementor-element-cc7212e\" data-id=\"cc7212e\" data-element_type=\"column\" data-e-type=\"column\">\n\t\t\t<div class=\"elementor-widget-wrap\">\n\t\t\t\t\t\t\t<\/div>\n\t\t<\/div>\n\t\t\t\t<div class=\"elementor-column elementor-col-50 elementor-inner-column elementor-element elementor-element-8ae3cdb\" data-id=\"8ae3cdb\" data-element_type=\"column\" data-e-type=\"column\">\n\t\t\t<div class=\"elementor-widget-wrap\">\n\t\t\t\t\t\t\t<\/div>\n\t\t<\/div>\n\t\t\t\t\t<\/div>\n\t\t<\/section>\n\t\t\t\t\t<\/div>\n\t\t<\/div>\n\t\t\t\t\t<\/div>\n\t\t<\/section>\n\t\t\t\t<\/div>\n\t\t","protected":false},"excerpt":{"rendered":"<p>Escuela Para Animadores \u00a0Se trata de una propuesta de educaci\u00f3n no formal (de las pocas existentes en nuestro pa\u00eds) destinada a dibujantes, ilustradores, artistas pl\u00e1sticos, dise\u00f1adores y realizadores audiovisuales mayores de 18 a\u00f1os que quieran expresarse a trav\u00e9s del lenguaje y t\u00e9cnicas de la animaci\u00f3n.\u00a0Recibe anualmente a estudiantes de la regi\u00f3n, de nuestro pa\u00eds y [&hellip;]<\/p>\n","protected":false},"author":2,"featured_media":0,"parent":0,"menu_order":0,"comment_status":"closed","ping_status":"closed","template":"elementor_header_footer","meta":{"_exactmetrics_skip_tracking":false,"_exactmetrics_sitenote_active":false,"_exactmetrics_sitenote_note":"","_exactmetrics_sitenote_category":0,"footnotes":""},"class_list":["post-69","page","type-page","status-publish","hentry"],"yoast_head":"<!-- This site is optimized with the Yoast SEO plugin v25.6 - https:\/\/yoast.com\/wordpress\/plugins\/seo\/ -->\n<title>ESPACIO DE FORMACI\u00d3N - Centro Cultural Cine Lumi\u00e8re<\/title>\n<meta name=\"robots\" content=\"index, follow, max-snippet:-1, max-image-preview:large, max-video-preview:-1\" \/>\n<link rel=\"canonical\" href=\"https:\/\/lumiererosario.gob.ar\/web\/talleres\/\" \/>\n<meta property=\"og:locale\" content=\"es_ES\" \/>\n<meta property=\"og:type\" content=\"article\" \/>\n<meta property=\"og:title\" content=\"ESPACIO DE FORMACI\u00d3N - Centro Cultural Cine Lumi\u00e8re\" \/>\n<meta property=\"og:description\" content=\"Escuela Para Animadores \u00a0Se trata de una propuesta de educaci\u00f3n no formal (de las pocas existentes en nuestro pa\u00eds) destinada a dibujantes, ilustradores, artistas pl\u00e1sticos, dise\u00f1adores y realizadores audiovisuales mayores de 18 a\u00f1os que quieran expresarse a trav\u00e9s del lenguaje y t\u00e9cnicas de la animaci\u00f3n.\u00a0Recibe anualmente a estudiantes de la regi\u00f3n, de nuestro pa\u00eds y [&hellip;]\" \/>\n<meta property=\"og:url\" content=\"https:\/\/lumiererosario.gob.ar\/web\/talleres\/\" \/>\n<meta property=\"og:site_name\" content=\"Centro Cultural Cine Lumi\u00e8re\" \/>\n<meta property=\"article:publisher\" content=\"https:\/\/es-la.facebook.com\/CentroCulturalCineLumiere\/\" \/>\n<meta property=\"article:modified_time\" content=\"2026-01-30T15:10:00+00:00\" \/>\n<meta property=\"og:image\" content=\"https:\/\/lumiererosario.gob.ar\/web\/wp-content\/uploads\/2025\/01\/Escuela-para-Animadores-1-scaled.jpg\" \/>\n\t<meta property=\"og:image:width\" content=\"2560\" \/>\n\t<meta property=\"og:image:height\" content=\"1442\" \/>\n\t<meta property=\"og:image:type\" content=\"image\/jpeg\" \/>\n<meta name=\"twitter:label1\" content=\"Tiempo de lectura\" \/>\n\t<meta name=\"twitter:data1\" content=\"3 minutos\" \/>\n<script type=\"application\/ld+json\" class=\"yoast-schema-graph\">{\"@context\":\"https:\/\/schema.org\",\"@graph\":[{\"@type\":\"WebPage\",\"@id\":\"https:\/\/lumiererosario.gob.ar\/web\/talleres\/\",\"url\":\"https:\/\/lumiererosario.gob.ar\/web\/talleres\/\",\"name\":\"ESPACIO DE FORMACI\u00d3N - Centro Cultural Cine Lumi\u00e8re\",\"isPartOf\":{\"@id\":\"https:\/\/lumiererosario.gob.ar\/web\/#website\"},\"primaryImageOfPage\":{\"@id\":\"https:\/\/lumiererosario.gob.ar\/web\/talleres\/#primaryimage\"},\"image\":{\"@id\":\"https:\/\/lumiererosario.gob.ar\/web\/talleres\/#primaryimage\"},\"thumbnailUrl\":\"https:\/\/lumiererosario.gob.ar\/web\/wp-content\/uploads\/2025\/01\/Escuela-para-Animadores-1-300x169.jpg\",\"datePublished\":\"2019-10-28T12:34:58+00:00\",\"dateModified\":\"2026-01-30T15:10:00+00:00\",\"breadcrumb\":{\"@id\":\"https:\/\/lumiererosario.gob.ar\/web\/talleres\/#breadcrumb\"},\"inLanguage\":\"es\",\"potentialAction\":[{\"@type\":\"ReadAction\",\"target\":[\"https:\/\/lumiererosario.gob.ar\/web\/talleres\/\"]}]},{\"@type\":\"ImageObject\",\"inLanguage\":\"es\",\"@id\":\"https:\/\/lumiererosario.gob.ar\/web\/talleres\/#primaryimage\",\"url\":\"https:\/\/lumiererosario.gob.ar\/web\/wp-content\/uploads\/2025\/01\/Escuela-para-Animadores-1-scaled.jpg\",\"contentUrl\":\"https:\/\/lumiererosario.gob.ar\/web\/wp-content\/uploads\/2025\/01\/Escuela-para-Animadores-1-scaled.jpg\",\"width\":2560,\"height\":1442},{\"@type\":\"BreadcrumbList\",\"@id\":\"https:\/\/lumiererosario.gob.ar\/web\/talleres\/#breadcrumb\",\"itemListElement\":[{\"@type\":\"ListItem\",\"position\":1,\"name\":\"Portada\",\"item\":\"https:\/\/lumiererosario.gob.ar\/web\/\"},{\"@type\":\"ListItem\",\"position\":2,\"name\":\"ESPACIO DE FORMACI\u00d3N\"}]},{\"@type\":\"WebSite\",\"@id\":\"https:\/\/lumiererosario.gob.ar\/web\/#website\",\"url\":\"https:\/\/lumiererosario.gob.ar\/web\/\",\"name\":\"Centro Cultural Cine Lumi\u00e8re\",\"description\":\"Cine Lumi\u00e8re es el cine p\u00fablico de Municipalidad de Rosario\",\"publisher\":{\"@id\":\"https:\/\/lumiererosario.gob.ar\/web\/#organization\"},\"potentialAction\":[{\"@type\":\"SearchAction\",\"target\":{\"@type\":\"EntryPoint\",\"urlTemplate\":\"https:\/\/lumiererosario.gob.ar\/web\/?s={search_term_string}\"},\"query-input\":{\"@type\":\"PropertyValueSpecification\",\"valueRequired\":true,\"valueName\":\"search_term_string\"}}],\"inLanguage\":\"es\"},{\"@type\":\"Organization\",\"@id\":\"https:\/\/lumiererosario.gob.ar\/web\/#organization\",\"name\":\"Centro Cultural Cine Lumi\u00e8re\",\"url\":\"https:\/\/lumiererosario.gob.ar\/web\/\",\"logo\":{\"@type\":\"ImageObject\",\"inLanguage\":\"es\",\"@id\":\"https:\/\/lumiererosario.gob.ar\/web\/#\/schema\/logo\/image\/\",\"url\":\"https:\/\/lumiererosario.gob.ar\/web\/wp-content\/uploads\/2019\/10\/logo-lumiere.png\",\"contentUrl\":\"https:\/\/lumiererosario.gob.ar\/web\/wp-content\/uploads\/2019\/10\/logo-lumiere.png\",\"width\":350,\"height\":175,\"caption\":\"Centro Cultural Cine Lumi\u00e8re\"},\"image\":{\"@id\":\"https:\/\/lumiererosario.gob.ar\/web\/#\/schema\/logo\/image\/\"},\"sameAs\":[\"https:\/\/es-la.facebook.com\/CentroCulturalCineLumiere\/\",\"https:\/\/www.instagram.com\/cccinelumiere\/\",\"https:\/\/www.youtube.com\/channel\/UCuhG8G0hl5YdZz-j9xf2muQ\/videos\"]}]}<\/script>\n<!-- \/ Yoast SEO plugin. -->","yoast_head_json":{"title":"ESPACIO DE FORMACI\u00d3N - Centro Cultural Cine Lumi\u00e8re","robots":{"index":"index","follow":"follow","max-snippet":"max-snippet:-1","max-image-preview":"max-image-preview:large","max-video-preview":"max-video-preview:-1"},"canonical":"https:\/\/lumiererosario.gob.ar\/web\/talleres\/","og_locale":"es_ES","og_type":"article","og_title":"ESPACIO DE FORMACI\u00d3N - Centro Cultural Cine Lumi\u00e8re","og_description":"Escuela Para Animadores \u00a0Se trata de una propuesta de educaci\u00f3n no formal (de las pocas existentes en nuestro pa\u00eds) destinada a dibujantes, ilustradores, artistas pl\u00e1sticos, dise\u00f1adores y realizadores audiovisuales mayores de 18 a\u00f1os que quieran expresarse a trav\u00e9s del lenguaje y t\u00e9cnicas de la animaci\u00f3n.\u00a0Recibe anualmente a estudiantes de la regi\u00f3n, de nuestro pa\u00eds y [&hellip;]","og_url":"https:\/\/lumiererosario.gob.ar\/web\/talleres\/","og_site_name":"Centro Cultural Cine Lumi\u00e8re","article_publisher":"https:\/\/es-la.facebook.com\/CentroCulturalCineLumiere\/","article_modified_time":"2026-01-30T15:10:00+00:00","og_image":[{"width":2560,"height":1442,"url":"https:\/\/lumiererosario.gob.ar\/web\/wp-content\/uploads\/2025\/01\/Escuela-para-Animadores-1-scaled.jpg","type":"image\/jpeg"}],"twitter_misc":{"Tiempo de lectura":"3 minutos"},"schema":{"@context":"https:\/\/schema.org","@graph":[{"@type":"WebPage","@id":"https:\/\/lumiererosario.gob.ar\/web\/talleres\/","url":"https:\/\/lumiererosario.gob.ar\/web\/talleres\/","name":"ESPACIO DE FORMACI\u00d3N - Centro Cultural Cine Lumi\u00e8re","isPartOf":{"@id":"https:\/\/lumiererosario.gob.ar\/web\/#website"},"primaryImageOfPage":{"@id":"https:\/\/lumiererosario.gob.ar\/web\/talleres\/#primaryimage"},"image":{"@id":"https:\/\/lumiererosario.gob.ar\/web\/talleres\/#primaryimage"},"thumbnailUrl":"https:\/\/lumiererosario.gob.ar\/web\/wp-content\/uploads\/2025\/01\/Escuela-para-Animadores-1-300x169.jpg","datePublished":"2019-10-28T12:34:58+00:00","dateModified":"2026-01-30T15:10:00+00:00","breadcrumb":{"@id":"https:\/\/lumiererosario.gob.ar\/web\/talleres\/#breadcrumb"},"inLanguage":"es","potentialAction":[{"@type":"ReadAction","target":["https:\/\/lumiererosario.gob.ar\/web\/talleres\/"]}]},{"@type":"ImageObject","inLanguage":"es","@id":"https:\/\/lumiererosario.gob.ar\/web\/talleres\/#primaryimage","url":"https:\/\/lumiererosario.gob.ar\/web\/wp-content\/uploads\/2025\/01\/Escuela-para-Animadores-1-scaled.jpg","contentUrl":"https:\/\/lumiererosario.gob.ar\/web\/wp-content\/uploads\/2025\/01\/Escuela-para-Animadores-1-scaled.jpg","width":2560,"height":1442},{"@type":"BreadcrumbList","@id":"https:\/\/lumiererosario.gob.ar\/web\/talleres\/#breadcrumb","itemListElement":[{"@type":"ListItem","position":1,"name":"Portada","item":"https:\/\/lumiererosario.gob.ar\/web\/"},{"@type":"ListItem","position":2,"name":"ESPACIO DE FORMACI\u00d3N"}]},{"@type":"WebSite","@id":"https:\/\/lumiererosario.gob.ar\/web\/#website","url":"https:\/\/lumiererosario.gob.ar\/web\/","name":"Centro Cultural Cine Lumi\u00e8re","description":"Cine Lumi\u00e8re es el cine p\u00fablico de Municipalidad de Rosario","publisher":{"@id":"https:\/\/lumiererosario.gob.ar\/web\/#organization"},"potentialAction":[{"@type":"SearchAction","target":{"@type":"EntryPoint","urlTemplate":"https:\/\/lumiererosario.gob.ar\/web\/?s={search_term_string}"},"query-input":{"@type":"PropertyValueSpecification","valueRequired":true,"valueName":"search_term_string"}}],"inLanguage":"es"},{"@type":"Organization","@id":"https:\/\/lumiererosario.gob.ar\/web\/#organization","name":"Centro Cultural Cine Lumi\u00e8re","url":"https:\/\/lumiererosario.gob.ar\/web\/","logo":{"@type":"ImageObject","inLanguage":"es","@id":"https:\/\/lumiererosario.gob.ar\/web\/#\/schema\/logo\/image\/","url":"https:\/\/lumiererosario.gob.ar\/web\/wp-content\/uploads\/2019\/10\/logo-lumiere.png","contentUrl":"https:\/\/lumiererosario.gob.ar\/web\/wp-content\/uploads\/2019\/10\/logo-lumiere.png","width":350,"height":175,"caption":"Centro Cultural Cine Lumi\u00e8re"},"image":{"@id":"https:\/\/lumiererosario.gob.ar\/web\/#\/schema\/logo\/image\/"},"sameAs":["https:\/\/es-la.facebook.com\/CentroCulturalCineLumiere\/","https:\/\/www.instagram.com\/cccinelumiere\/","https:\/\/www.youtube.com\/channel\/UCuhG8G0hl5YdZz-j9xf2muQ\/videos"]}]}},"_links":{"self":[{"href":"https:\/\/lumiererosario.gob.ar\/web\/wp-json\/wp\/v2\/pages\/69"}],"collection":[{"href":"https:\/\/lumiererosario.gob.ar\/web\/wp-json\/wp\/v2\/pages"}],"about":[{"href":"https:\/\/lumiererosario.gob.ar\/web\/wp-json\/wp\/v2\/types\/page"}],"author":[{"embeddable":true,"href":"https:\/\/lumiererosario.gob.ar\/web\/wp-json\/wp\/v2\/users\/2"}],"replies":[{"embeddable":true,"href":"https:\/\/lumiererosario.gob.ar\/web\/wp-json\/wp\/v2\/comments?post=69"}],"version-history":[{"count":281,"href":"https:\/\/lumiererosario.gob.ar\/web\/wp-json\/wp\/v2\/pages\/69\/revisions"}],"predecessor-version":[{"id":12771,"href":"https:\/\/lumiererosario.gob.ar\/web\/wp-json\/wp\/v2\/pages\/69\/revisions\/12771"}],"wp:attachment":[{"href":"https:\/\/lumiererosario.gob.ar\/web\/wp-json\/wp\/v2\/media?parent=69"}],"curies":[{"name":"wp","href":"https:\/\/api.w.org\/{rel}","templated":true}]}}