{"id":9383,"date":"2024-01-23T10:34:51","date_gmt":"2024-01-23T13:34:51","guid":{"rendered":"https:\/\/lumiererosario.gob.ar\/web\/?post_type=mec-events&#038;p=9383"},"modified":"2024-02-09T11:20:07","modified_gmt":"2024-02-09T14:20:07","slug":"elijo-creer-funcion-al-aire-libre","status":"publish","type":"mec-events","link":"https:\/\/lumiererosario.gob.ar\/web\/agenda\/elijo-creer-funcion-al-aire-libre\/","title":{"rendered":"ELIJO CREER (Cine al aire libre)"},"content":{"rendered":"<p>Te invitamos a disfrutar de una funci\u00f3n de cine al aire libre para celebrar el carnaval.<\/p>\n<p>La calle V\u00e9lez Sarsfield entre Av. Alberdi y Stephenson estar\u00e1 cortada para recibir a tod@s l@s que se acerquen a disfrutar de una noche muy especial.<\/p>\n<p>Te esperamos con la gran pantalla en la vereda, servicio de buffet, mesas y sillas. Tambi\u00e9n pod\u00e9s acercarte con reposera y\/o lona.<\/p>\n<p><em>ELIJO CREER<\/em><\/p>\n<p><em>Documental | Argentina, 2023 | 80\u2019 | ATP<\/em><br \/>\n<em>Direcci\u00f3n: Gonzalo Arias, Mart\u00edn M\u00e9ndez<\/em><\/p>\n<p><em>Narra el \u00e9pico t\u00edtulo obtenido por la Selecci\u00f3n Argentina en el Mundial de F\u00fatbol Qatar 2022 con testimonios de los protagonistas, contados desde la intimidad y en primera persona.<\/em><\/p>\n<p><em>Narrador: Ricardo Dar\u00edn<\/em><\/p>\n<p><iframe title=\"YouTube video player\" src=\"https:\/\/www.youtube.com\/embed\/lTyObtnjR_E?si=ddhyY8urUJKUqh63\" width=\"100%\" height=\"315\" frameborder=\"0\" allowfullscreen=\"allowfullscreen\"><\/iframe><\/p>\n<p><strong>ENTRADA GRATUITA. SERVICIO DE BUFFET<\/strong><\/p>\n<p>En caso de lluvia la funci\u00f3n se realiza en sala<\/p>\n","protected":false},"excerpt":{"rendered":"<p>Te invitamos a disfrutar de una funci\u00f3n de cine al aire libre para celebrar el carnaval. La calle V\u00e9lez Sarsfield entre Av. Alberdi y Stephenson estar\u00e1 cortada para recibir a tod@s l@s que se acerquen a disfrutar de una noche muy especial. Te esperamos con la gran pantalla en la vereda, servicio de buffet, mesas [&hellip;]<\/p>\n","protected":false},"author":4,"featured_media":9384,"comment_status":"closed","ping_status":"closed","template":"","tags":[],"mec_category":[],"class_list":["post-9383","mec-events","type-mec-events","status-publish","has-post-thumbnail","hentry"],"yoast_head":"<!-- This site is optimized with the Yoast SEO plugin v25.6 - https:\/\/yoast.com\/wordpress\/plugins\/seo\/ -->\n<title>ELIJO CREER (Cine al aire libre) - Centro Cultural Cine Lumi\u00e8re<\/title>\n<meta name=\"robots\" content=\"index, follow, max-snippet:-1, max-image-preview:large, max-video-preview:-1\" \/>\n<link rel=\"canonical\" href=\"https:\/\/lumiererosario.gob.ar\/web\/agenda\/elijo-creer-funcion-al-aire-libre\/\" \/>\n<meta property=\"og:locale\" content=\"es_ES\" \/>\n<meta property=\"og:type\" content=\"article\" \/>\n<meta property=\"og:title\" content=\"ELIJO CREER (Cine al aire libre) - Centro Cultural Cine Lumi\u00e8re\" \/>\n<meta property=\"og:description\" content=\"Te invitamos a disfrutar de una funci\u00f3n de cine al aire libre para celebrar el carnaval. La calle V\u00e9lez Sarsfield entre Av. Alberdi y Stephenson estar\u00e1 cortada para recibir a tod@s l@s que se acerquen a disfrutar de una noche muy especial. Te esperamos con la gran pantalla en la vereda, servicio de buffet, mesas [&hellip;]\" \/>\n<meta property=\"og:url\" content=\"https:\/\/lumiererosario.gob.ar\/web\/agenda\/elijo-creer-funcion-al-aire-libre\/\" \/>\n<meta property=\"og:site_name\" content=\"Centro Cultural Cine Lumi\u00e8re\" \/>\n<meta property=\"article:publisher\" content=\"https:\/\/es-la.facebook.com\/CentroCulturalCineLumiere\/\" \/>\n<meta property=\"article:modified_time\" content=\"2024-02-09T14:20:07+00:00\" \/>\n<meta property=\"og:image\" content=\"https:\/\/lumiererosario.gob.ar\/web\/wp-content\/uploads\/2024\/01\/pelicula_Elijo_creer-e1706285661883.jpg\" \/>\n\t<meta property=\"og:image:width\" content=\"900\" \/>\n\t<meta property=\"og:image:height\" content=\"457\" \/>\n\t<meta property=\"og:image:type\" content=\"image\/jpeg\" \/>\n<meta name=\"twitter:label1\" content=\"Tiempo de lectura\" \/>\n\t<meta name=\"twitter:data1\" content=\"1 minuto\" \/>\n<script type=\"application\/ld+json\" class=\"yoast-schema-graph\">{\"@context\":\"https:\/\/schema.org\",\"@graph\":[{\"@type\":\"WebPage\",\"@id\":\"https:\/\/lumiererosario.gob.ar\/web\/agenda\/elijo-creer-funcion-al-aire-libre\/\",\"url\":\"https:\/\/lumiererosario.gob.ar\/web\/agenda\/elijo-creer-funcion-al-aire-libre\/\",\"name\":\"ELIJO CREER (Cine al aire libre) - Centro Cultural Cine Lumi\u00e8re\",\"isPartOf\":{\"@id\":\"https:\/\/lumiererosario.gob.ar\/web\/#website\"},\"primaryImageOfPage\":{\"@id\":\"https:\/\/lumiererosario.gob.ar\/web\/agenda\/elijo-creer-funcion-al-aire-libre\/#primaryimage\"},\"image\":{\"@id\":\"https:\/\/lumiererosario.gob.ar\/web\/agenda\/elijo-creer-funcion-al-aire-libre\/#primaryimage\"},\"thumbnailUrl\":\"https:\/\/lumiererosario.gob.ar\/web\/wp-content\/uploads\/2024\/01\/pelicula_Elijo_creer-e1706285661883.jpg\",\"datePublished\":\"2024-01-23T13:34:51+00:00\",\"dateModified\":\"2024-02-09T14:20:07+00:00\",\"breadcrumb\":{\"@id\":\"https:\/\/lumiererosario.gob.ar\/web\/agenda\/elijo-creer-funcion-al-aire-libre\/#breadcrumb\"},\"inLanguage\":\"es\",\"potentialAction\":[{\"@type\":\"ReadAction\",\"target\":[\"https:\/\/lumiererosario.gob.ar\/web\/agenda\/elijo-creer-funcion-al-aire-libre\/\"]}]},{\"@type\":\"ImageObject\",\"inLanguage\":\"es\",\"@id\":\"https:\/\/lumiererosario.gob.ar\/web\/agenda\/elijo-creer-funcion-al-aire-libre\/#primaryimage\",\"url\":\"https:\/\/lumiererosario.gob.ar\/web\/wp-content\/uploads\/2024\/01\/pelicula_Elijo_creer-e1706285661883.jpg\",\"contentUrl\":\"https:\/\/lumiererosario.gob.ar\/web\/wp-content\/uploads\/2024\/01\/pelicula_Elijo_creer-e1706285661883.jpg\",\"width\":900,\"height\":457},{\"@type\":\"BreadcrumbList\",\"@id\":\"https:\/\/lumiererosario.gob.ar\/web\/agenda\/elijo-creer-funcion-al-aire-libre\/#breadcrumb\",\"itemListElement\":[{\"@type\":\"ListItem\",\"position\":1,\"name\":\"Portada\",\"item\":\"https:\/\/lumiererosario.gob.ar\/web\/\"},{\"@type\":\"ListItem\",\"position\":2,\"name\":\"ELIJO CREER (Cine al aire libre)\"}]},{\"@type\":\"WebSite\",\"@id\":\"https:\/\/lumiererosario.gob.ar\/web\/#website\",\"url\":\"https:\/\/lumiererosario.gob.ar\/web\/\",\"name\":\"Centro Cultural Cine Lumi\u00e8re\",\"description\":\"Cine Lumi\u00e8re es el cine p\u00fablico de Municipalidad de Rosario\",\"publisher\":{\"@id\":\"https:\/\/lumiererosario.gob.ar\/web\/#organization\"},\"potentialAction\":[{\"@type\":\"SearchAction\",\"target\":{\"@type\":\"EntryPoint\",\"urlTemplate\":\"https:\/\/lumiererosario.gob.ar\/web\/?s={search_term_string}\"},\"query-input\":{\"@type\":\"PropertyValueSpecification\",\"valueRequired\":true,\"valueName\":\"search_term_string\"}}],\"inLanguage\":\"es\"},{\"@type\":\"Organization\",\"@id\":\"https:\/\/lumiererosario.gob.ar\/web\/#organization\",\"name\":\"Centro Cultural Cine Lumi\u00e8re\",\"url\":\"https:\/\/lumiererosario.gob.ar\/web\/\",\"logo\":{\"@type\":\"ImageObject\",\"inLanguage\":\"es\",\"@id\":\"https:\/\/lumiererosario.gob.ar\/web\/#\/schema\/logo\/image\/\",\"url\":\"https:\/\/lumiererosario.gob.ar\/web\/wp-content\/uploads\/2019\/10\/logo-lumiere.png\",\"contentUrl\":\"https:\/\/lumiererosario.gob.ar\/web\/wp-content\/uploads\/2019\/10\/logo-lumiere.png\",\"width\":350,\"height\":175,\"caption\":\"Centro Cultural Cine Lumi\u00e8re\"},\"image\":{\"@id\":\"https:\/\/lumiererosario.gob.ar\/web\/#\/schema\/logo\/image\/\"},\"sameAs\":[\"https:\/\/es-la.facebook.com\/CentroCulturalCineLumiere\/\",\"https:\/\/www.instagram.com\/cccinelumiere\/\",\"https:\/\/www.youtube.com\/channel\/UCuhG8G0hl5YdZz-j9xf2muQ\/videos\"]}]}<\/script>\n<!-- \/ Yoast SEO plugin. -->","yoast_head_json":{"title":"ELIJO CREER (Cine al aire libre) - Centro Cultural Cine Lumi\u00e8re","robots":{"index":"index","follow":"follow","max-snippet":"max-snippet:-1","max-image-preview":"max-image-preview:large","max-video-preview":"max-video-preview:-1"},"canonical":"https:\/\/lumiererosario.gob.ar\/web\/agenda\/elijo-creer-funcion-al-aire-libre\/","og_locale":"es_ES","og_type":"article","og_title":"ELIJO CREER (Cine al aire libre) - Centro Cultural Cine Lumi\u00e8re","og_description":"Te invitamos a disfrutar de una funci\u00f3n de cine al aire libre para celebrar el carnaval. La calle V\u00e9lez Sarsfield entre Av. Alberdi y Stephenson estar\u00e1 cortada para recibir a tod@s l@s que se acerquen a disfrutar de una noche muy especial. Te esperamos con la gran pantalla en la vereda, servicio de buffet, mesas [&hellip;]","og_url":"https:\/\/lumiererosario.gob.ar\/web\/agenda\/elijo-creer-funcion-al-aire-libre\/","og_site_name":"Centro Cultural Cine Lumi\u00e8re","article_publisher":"https:\/\/es-la.facebook.com\/CentroCulturalCineLumiere\/","article_modified_time":"2024-02-09T14:20:07+00:00","og_image":[{"width":900,"height":457,"url":"https:\/\/lumiererosario.gob.ar\/web\/wp-content\/uploads\/2024\/01\/pelicula_Elijo_creer-e1706285661883.jpg","type":"image\/jpeg"}],"twitter_misc":{"Tiempo de lectura":"1 minuto"},"schema":{"@context":"https:\/\/schema.org","@graph":[{"@type":"WebPage","@id":"https:\/\/lumiererosario.gob.ar\/web\/agenda\/elijo-creer-funcion-al-aire-libre\/","url":"https:\/\/lumiererosario.gob.ar\/web\/agenda\/elijo-creer-funcion-al-aire-libre\/","name":"ELIJO CREER (Cine al aire libre) - Centro Cultural Cine Lumi\u00e8re","isPartOf":{"@id":"https:\/\/lumiererosario.gob.ar\/web\/#website"},"primaryImageOfPage":{"@id":"https:\/\/lumiererosario.gob.ar\/web\/agenda\/elijo-creer-funcion-al-aire-libre\/#primaryimage"},"image":{"@id":"https:\/\/lumiererosario.gob.ar\/web\/agenda\/elijo-creer-funcion-al-aire-libre\/#primaryimage"},"thumbnailUrl":"https:\/\/lumiererosario.gob.ar\/web\/wp-content\/uploads\/2024\/01\/pelicula_Elijo_creer-e1706285661883.jpg","datePublished":"2024-01-23T13:34:51+00:00","dateModified":"2024-02-09T14:20:07+00:00","breadcrumb":{"@id":"https:\/\/lumiererosario.gob.ar\/web\/agenda\/elijo-creer-funcion-al-aire-libre\/#breadcrumb"},"inLanguage":"es","potentialAction":[{"@type":"ReadAction","target":["https:\/\/lumiererosario.gob.ar\/web\/agenda\/elijo-creer-funcion-al-aire-libre\/"]}]},{"@type":"ImageObject","inLanguage":"es","@id":"https:\/\/lumiererosario.gob.ar\/web\/agenda\/elijo-creer-funcion-al-aire-libre\/#primaryimage","url":"https:\/\/lumiererosario.gob.ar\/web\/wp-content\/uploads\/2024\/01\/pelicula_Elijo_creer-e1706285661883.jpg","contentUrl":"https:\/\/lumiererosario.gob.ar\/web\/wp-content\/uploads\/2024\/01\/pelicula_Elijo_creer-e1706285661883.jpg","width":900,"height":457},{"@type":"BreadcrumbList","@id":"https:\/\/lumiererosario.gob.ar\/web\/agenda\/elijo-creer-funcion-al-aire-libre\/#breadcrumb","itemListElement":[{"@type":"ListItem","position":1,"name":"Portada","item":"https:\/\/lumiererosario.gob.ar\/web\/"},{"@type":"ListItem","position":2,"name":"ELIJO CREER (Cine al aire libre)"}]},{"@type":"WebSite","@id":"https:\/\/lumiererosario.gob.ar\/web\/#website","url":"https:\/\/lumiererosario.gob.ar\/web\/","name":"Centro Cultural Cine Lumi\u00e8re","description":"Cine Lumi\u00e8re es el cine p\u00fablico de Municipalidad de Rosario","publisher":{"@id":"https:\/\/lumiererosario.gob.ar\/web\/#organization"},"potentialAction":[{"@type":"SearchAction","target":{"@type":"EntryPoint","urlTemplate":"https:\/\/lumiererosario.gob.ar\/web\/?s={search_term_string}"},"query-input":{"@type":"PropertyValueSpecification","valueRequired":true,"valueName":"search_term_string"}}],"inLanguage":"es"},{"@type":"Organization","@id":"https:\/\/lumiererosario.gob.ar\/web\/#organization","name":"Centro Cultural Cine Lumi\u00e8re","url":"https:\/\/lumiererosario.gob.ar\/web\/","logo":{"@type":"ImageObject","inLanguage":"es","@id":"https:\/\/lumiererosario.gob.ar\/web\/#\/schema\/logo\/image\/","url":"https:\/\/lumiererosario.gob.ar\/web\/wp-content\/uploads\/2019\/10\/logo-lumiere.png","contentUrl":"https:\/\/lumiererosario.gob.ar\/web\/wp-content\/uploads\/2019\/10\/logo-lumiere.png","width":350,"height":175,"caption":"Centro Cultural Cine Lumi\u00e8re"},"image":{"@id":"https:\/\/lumiererosario.gob.ar\/web\/#\/schema\/logo\/image\/"},"sameAs":["https:\/\/es-la.facebook.com\/CentroCulturalCineLumiere\/","https:\/\/www.instagram.com\/cccinelumiere\/","https:\/\/www.youtube.com\/channel\/UCuhG8G0hl5YdZz-j9xf2muQ\/videos"]}]}},"_links":{"self":[{"href":"https:\/\/lumiererosario.gob.ar\/web\/wp-json\/wp\/v2\/mec-events\/9383"}],"collection":[{"href":"https:\/\/lumiererosario.gob.ar\/web\/wp-json\/wp\/v2\/mec-events"}],"about":[{"href":"https:\/\/lumiererosario.gob.ar\/web\/wp-json\/wp\/v2\/types\/mec-events"}],"author":[{"embeddable":true,"href":"https:\/\/lumiererosario.gob.ar\/web\/wp-json\/wp\/v2\/users\/4"}],"replies":[{"embeddable":true,"href":"https:\/\/lumiererosario.gob.ar\/web\/wp-json\/wp\/v2\/comments?post=9383"}],"wp:featuredmedia":[{"embeddable":true,"href":"https:\/\/lumiererosario.gob.ar\/web\/wp-json\/wp\/v2\/media\/9384"}],"wp:attachment":[{"href":"https:\/\/lumiererosario.gob.ar\/web\/wp-json\/wp\/v2\/media?parent=9383"}],"wp:term":[{"taxonomy":"post_tag","embeddable":true,"href":"https:\/\/lumiererosario.gob.ar\/web\/wp-json\/wp\/v2\/tags?post=9383"},{"taxonomy":"mec_category","embeddable":true,"href":"https:\/\/lumiererosario.gob.ar\/web\/wp-json\/wp\/v2\/mec_category?post=9383"}],"curies":[{"name":"wp","href":"https:\/\/api.w.org\/{rel}","templated":true}]}}

<p>Te invitamos a disfrutar de una función de cine al aire libre para celebrar el carnaval.</p>
<p>La calle Vélez Sarsfield entre Av. Alberdi y Stephenson estará cortada para recibir a tod@s l@s que se acerquen a disfrutar de una noche muy especial.</p>
<p>Te esperamos con la gran pantalla en la vereda, servicio de buffet, mesas y sillas. También podés acercarte con reposera y/o lona.</p>
<p><em>ELIJO CREER</em></p>
<p><em>Documental | Argentina, 2023 | 80’ | ATP</em><br />
<em>Dirección: Gonzalo Arias, Martín Méndez</em></p>
<p><em>Narra el épico título obtenido por la Selección Argentina en el Mundial de Fútbol Qatar 2022 con testimonios de los protagonistas, contados desde la intimidad y en primera persona.</em></p>
<p><em>Narrador: Ricardo Darín</em></p>
<p><iframe title="YouTube video player" src="https://www.youtube.com/embed/lTyObtnjR_E?si=ddhyY8urUJKUqh63" width="100%" height="315" frameborder="0" allowfullscreen="allowfullscreen"></iframe></p>
<p><strong>ENTRADA GRATUITA. SERVICIO DE BUFFET</strong></p>
<p>En caso de lluvia la función se realiza en sala</p>

<p>Te invitamos a disfrutar de una función de cine al aire libre para celebrar el carnaval. La calle Vélez Sarsfield entre Av. Alberdi y Stephenson estará cortada para recibir a tod@s l@s que se acerquen a disfrutar de una noche muy especial. Te esperamos con la gran pantalla en la vereda, servicio de buffet, mesas [&hellip;]</p>

<!-- This site is optimized with the Yoast SEO plugin v25.6 - https://yoast.com/wordpress/plugins/seo/ -->
<title>ELIJO CREER (Cine al aire libre) - Centro Cultural Cine Lumière</title>
<meta name="robots" content="index, follow, max-snippet:-1, max-image-preview:large, max-video-preview:-1" />
<link rel="canonical" href="https://lumiererosario.gob.ar/web/agenda/elijo-creer-funcion-al-aire-libre/" />
<meta property="og:locale" content="es_ES" />
<meta property="og:type" content="article" />
<meta property="og:title" content="ELIJO CREER (Cine al aire libre) - Centro Cultural Cine Lumière" />
<meta property="og:description" content="Te invitamos a disfrutar de una función de cine al aire libre para celebrar el carnaval. La calle Vélez Sarsfield entre Av. Alberdi y Stephenson estará cortada para recibir a tod@s l@s que se acerquen a disfrutar de una noche muy especial. Te esperamos con la gran pantalla en la vereda, servicio de buffet, mesas [&hellip;]" />
<meta property="og:url" content="https://lumiererosario.gob.ar/web/agenda/elijo-creer-funcion-al-aire-libre/" />
<meta property="og:site_name" content="Centro Cultural Cine Lumière" />
<meta property="article:publisher" content="https://es-la.facebook.com/CentroCulturalCineLumiere/" />
<meta property="article:modified_time" content="2024-02-09T14:20:07+00:00" />
<meta property="og:image" content="https://lumiererosario.gob.ar/web/wp-content/uploads/2024/01/pelicula_Elijo_creer-e1706285661883.jpg" />
	<meta property="og:image:width" content="900" />
	<meta property="og:image:height" content="457" />
	<meta property="og:image:type" content="image/jpeg" />
<meta name="twitter:label1" content="Tiempo de lectura" />
	<meta name="twitter:data1" content="1 minuto" />
<script type="application/ld+json" class="yoast-schema-graph">{"@context":"https://schema.org","@graph":[{"@type":"WebPage","@id":"https://lumiererosario.gob.ar/web/agenda/elijo-creer-funcion-al-aire-libre/","url":"https://lumiererosario.gob.ar/web/agenda/elijo-creer-funcion-al-aire-libre/","name":"ELIJO CREER (Cine al aire libre) - Centro Cultural Cine Lumière","isPartOf":{"@id":"https://lumiererosario.gob.ar/web/#website"},"primaryImageOfPage":{"@id":"https://lumiererosario.gob.ar/web/agenda/elijo-creer-funcion-al-aire-libre/#primaryimage"},"image":{"@id":"https://lumiererosario.gob.ar/web/agenda/elijo-creer-funcion-al-aire-libre/#primaryimage"},"thumbnailUrl":"https://lumiererosario.gob.ar/web/wp-content/uploads/2024/01/pelicula_Elijo_creer-e1706285661883.jpg","datePublished":"2024-01-23T13:34:51+00:00","dateModified":"2024-02-09T14:20:07+00:00","breadcrumb":{"@id":"https://lumiererosario.gob.ar/web/agenda/elijo-creer-funcion-al-aire-libre/#breadcrumb"},"inLanguage":"es","potentialAction":[{"@type":"ReadAction","target":["https://lumiererosario.gob.ar/web/agenda/elijo-creer-funcion-al-aire-libre/"]}]},{"@type":"ImageObject","inLanguage":"es","@id":"https://lumiererosario.gob.ar/web/agenda/elijo-creer-funcion-al-aire-libre/#primaryimage","url":"https://lumiererosario.gob.ar/web/wp-content/uploads/2024/01/pelicula_Elijo_creer-e1706285661883.jpg","contentUrl":"https://lumiererosario.gob.ar/web/wp-content/uploads/2024/01/pelicula_Elijo_creer-e1706285661883.jpg","width":900,"height":457},{"@type":"BreadcrumbList","@id":"https://lumiererosario.gob.ar/web/agenda/elijo-creer-funcion-al-aire-libre/#breadcrumb","itemListElement":[{"@type":"ListItem","position":1,"name":"Portada","item":"https://lumiererosario.gob.ar/web/"},{"@type":"ListItem","position":2,"name":"ELIJO CREER (Cine al aire libre)"}]},{"@type":"WebSite","@id":"https://lumiererosario.gob.ar/web/#website","url":"https://lumiererosario.gob.ar/web/","name":"Centro Cultural Cine Lumière","description":"Cine Lumière es el cine público de Municipalidad de Rosario","publisher":{"@id":"https://lumiererosario.gob.ar/web/#organization"},"potentialAction":[{"@type":"SearchAction","target":{"@type":"EntryPoint","urlTemplate":"https://lumiererosario.gob.ar/web/?s={search_term_string}"},"query-input":{"@type":"PropertyValueSpecification","valueRequired":true,"valueName":"search_term_string"}}],"inLanguage":"es"},{"@type":"Organization","@id":"https://lumiererosario.gob.ar/web/#organization","name":"Centro Cultural Cine Lumière","url":"https://lumiererosario.gob.ar/web/","logo":{"@type":"ImageObject","inLanguage":"es","@id":"https://lumiererosario.gob.ar/web/#/schema/logo/image/","url":"https://lumiererosario.gob.ar/web/wp-content/uploads/2019/10/logo-lumiere.png","contentUrl":"https://lumiererosario.gob.ar/web/wp-content/uploads/2019/10/logo-lumiere.png","width":350,"height":175,"caption":"Centro Cultural Cine Lumière"},"image":{"@id":"https://lumiererosario.gob.ar/web/#/schema/logo/image/"},"sameAs":["https://es-la.facebook.com/CentroCulturalCineLumiere/","https://www.instagram.com/cccinelumiere/","https://www.youtube.com/channel/UCuhG8G0hl5YdZz-j9xf2muQ/videos"]}]}</script>
<!-- / Yoast SEO plugin. -->

ELIJO CREER (Cine al aire libre) - Centro Cultural Cine Lumière

Te invitamos a disfrutar de una función de cine al aire libre para celebrar el carnaval. La calle Vélez Sarsfield entre Av. Alberdi y Stephenson estará cortada para recibir a tod@s l@s que se acerquen a disfrutar de una noche muy especial. Te esperamos con la gran pantalla en la vereda, servicio de buffet, mesas [&hellip;]

Centro Cultural Cine Lumière

Cine Lumière es el cine público de Municipalidad de Rosario
