{"id":9164,"date":"2023-12-29T09:38:05","date_gmt":"2023-12-29T12:38:05","guid":{"rendered":"http:\/\/lumiererosario.gob.ar\/web\/?post_type=mec-events&#038;p=9164"},"modified":"2024-01-03T10:37:22","modified_gmt":"2024-01-03T13:37:22","slug":"le-otto-montagne-3","status":"publish","type":"mec-events","link":"https:\/\/lumiererosario.gob.ar\/web\/agenda\/le-otto-montagne-3\/","title":{"rendered":"LE OTTO MONTAGNE"},"content":{"rendered":"<p><strong>EN ENERO LOS JUEVES SON DE CINE ITALIANO<\/strong><\/p>\n<p>Drama | Italia, 2022 | 147\u2032 | +13<br \/>\nDirecci\u00f3n: Felix Van Groeningen, Charlotte Vandermeersch<\/p>\n<p>Pietro es un chico de ciudad, Bruno es el \u00faltimo ni\u00f1o de una localidad de monta\u00f1a olvidada. Con el paso de los a\u00f1os, Bruno se mantiene fiel a su monta\u00f1a, mientras que Pietro viene y va. Sus experiencias le har\u00e1n enfrentarse al amor y a la p\u00e9rdida, record\u00e1ndoles sus or\u00edgenes y abriendo paso al destino.<\/p>\n<p><iframe title=\"YouTube video player\" src=\"https:\/\/www.youtube.com\/embed\/n52pZ6e3Xm0?si=kPcTWiPDuAgD2tAJ\" width=\"100%\" height=\"315\" frameborder=\"0\" allowfullscreen=\"allowfullscreen\"><span data-mce-type=\"bookmark\" style=\"display: inline-block; width: 0px; overflow: hidden; line-height: 0;\" class=\"mce_SELRES_start\">\ufeff<\/span><\/iframe><\/p>\n<p><strong>La entrada es gratuita, la pod\u00e9s retirar en boleter\u00eda que abre media hora antes de la funci\u00f3n y la sala es climatizada<\/strong><\/p>\n","protected":false},"excerpt":{"rendered":"<p>EN ENERO LOS JUEVES SON DE CINE ITALIANO Drama | Italia, 2022 | 147\u2032 | +13 Direcci\u00f3n: Felix Van Groeningen, Charlotte Vandermeersch Pietro es un chico de ciudad, Bruno es el \u00faltimo ni\u00f1o de una localidad de monta\u00f1a olvidada. Con el paso de los a\u00f1os, Bruno se mantiene fiel a su monta\u00f1a, mientras que Pietro [&hellip;]<\/p>\n","protected":false},"author":4,"featured_media":8318,"comment_status":"closed","ping_status":"closed","template":"","tags":[],"mec_category":[],"class_list":["post-9164","mec-events","type-mec-events","status-publish","has-post-thumbnail","hentry"],"yoast_head":"<!-- This site is optimized with the Yoast SEO plugin v25.6 - https:\/\/yoast.com\/wordpress\/plugins\/seo\/ -->\n<title>LE OTTO MONTAGNE - Centro Cultural Cine Lumi\u00e8re<\/title>\n<meta name=\"robots\" content=\"index, follow, max-snippet:-1, max-image-preview:large, max-video-preview:-1\" \/>\n<link rel=\"canonical\" href=\"https:\/\/lumiererosario.gob.ar\/web\/agenda\/le-otto-montagne-3\/\" \/>\n<meta property=\"og:locale\" content=\"es_ES\" \/>\n<meta property=\"og:type\" content=\"article\" \/>\n<meta property=\"og:title\" content=\"LE OTTO MONTAGNE - Centro Cultural Cine Lumi\u00e8re\" \/>\n<meta property=\"og:description\" content=\"EN ENERO LOS JUEVES SON DE CINE ITALIANO Drama | Italia, 2022 | 147\u2032 | +13 Direcci\u00f3n: Felix Van Groeningen, Charlotte Vandermeersch Pietro es un chico de ciudad, Bruno es el \u00faltimo ni\u00f1o de una localidad de monta\u00f1a olvidada. Con el paso de los a\u00f1os, Bruno se mantiene fiel a su monta\u00f1a, mientras que Pietro [&hellip;]\" \/>\n<meta property=\"og:url\" content=\"https:\/\/lumiererosario.gob.ar\/web\/agenda\/le-otto-montagne-3\/\" \/>\n<meta property=\"og:site_name\" content=\"Centro Cultural Cine Lumi\u00e8re\" \/>\n<meta property=\"article:publisher\" content=\"https:\/\/es-la.facebook.com\/CentroCulturalCineLumiere\/\" \/>\n<meta property=\"article:modified_time\" content=\"2024-01-03T13:37:22+00:00\" \/>\n<meta property=\"og:image\" content=\"https:\/\/lumiererosario.gob.ar\/web\/wp-content\/uploads\/2023\/08\/Las_ocho_montaanas-428213661-large.jpg\" \/>\n\t<meta property=\"og:image:width\" content=\"1811\" \/>\n\t<meta property=\"og:image:height\" content=\"1200\" \/>\n\t<meta property=\"og:image:type\" content=\"image\/jpeg\" \/>\n<meta name=\"twitter:label1\" content=\"Tiempo de lectura\" \/>\n\t<meta name=\"twitter:data1\" content=\"1 minuto\" \/>\n<script type=\"application\/ld+json\" class=\"yoast-schema-graph\">{\"@context\":\"https:\/\/schema.org\",\"@graph\":[{\"@type\":\"WebPage\",\"@id\":\"https:\/\/lumiererosario.gob.ar\/web\/agenda\/le-otto-montagne-3\/\",\"url\":\"https:\/\/lumiererosario.gob.ar\/web\/agenda\/le-otto-montagne-3\/\",\"name\":\"LE OTTO MONTAGNE - Centro Cultural Cine Lumi\u00e8re\",\"isPartOf\":{\"@id\":\"https:\/\/lumiererosario.gob.ar\/web\/#website\"},\"primaryImageOfPage\":{\"@id\":\"https:\/\/lumiererosario.gob.ar\/web\/agenda\/le-otto-montagne-3\/#primaryimage\"},\"image\":{\"@id\":\"https:\/\/lumiererosario.gob.ar\/web\/agenda\/le-otto-montagne-3\/#primaryimage\"},\"thumbnailUrl\":\"https:\/\/lumiererosario.gob.ar\/web\/wp-content\/uploads\/2023\/08\/Las_ocho_montaanas-428213661-large.jpg\",\"datePublished\":\"2023-12-29T12:38:05+00:00\",\"dateModified\":\"2024-01-03T13:37:22+00:00\",\"breadcrumb\":{\"@id\":\"https:\/\/lumiererosario.gob.ar\/web\/agenda\/le-otto-montagne-3\/#breadcrumb\"},\"inLanguage\":\"es\",\"potentialAction\":[{\"@type\":\"ReadAction\",\"target\":[\"https:\/\/lumiererosario.gob.ar\/web\/agenda\/le-otto-montagne-3\/\"]}]},{\"@type\":\"ImageObject\",\"inLanguage\":\"es\",\"@id\":\"https:\/\/lumiererosario.gob.ar\/web\/agenda\/le-otto-montagne-3\/#primaryimage\",\"url\":\"https:\/\/lumiererosario.gob.ar\/web\/wp-content\/uploads\/2023\/08\/Las_ocho_montaanas-428213661-large.jpg\",\"contentUrl\":\"https:\/\/lumiererosario.gob.ar\/web\/wp-content\/uploads\/2023\/08\/Las_ocho_montaanas-428213661-large.jpg\",\"width\":1811,\"height\":1200},{\"@type\":\"BreadcrumbList\",\"@id\":\"https:\/\/lumiererosario.gob.ar\/web\/agenda\/le-otto-montagne-3\/#breadcrumb\",\"itemListElement\":[{\"@type\":\"ListItem\",\"position\":1,\"name\":\"Portada\",\"item\":\"https:\/\/lumiererosario.gob.ar\/web\/\"},{\"@type\":\"ListItem\",\"position\":2,\"name\":\"LE OTTO MONTAGNE\"}]},{\"@type\":\"WebSite\",\"@id\":\"https:\/\/lumiererosario.gob.ar\/web\/#website\",\"url\":\"https:\/\/lumiererosario.gob.ar\/web\/\",\"name\":\"Centro Cultural Cine Lumi\u00e8re\",\"description\":\"Cine Lumi\u00e8re es el cine p\u00fablico de Municipalidad de Rosario\",\"publisher\":{\"@id\":\"https:\/\/lumiererosario.gob.ar\/web\/#organization\"},\"potentialAction\":[{\"@type\":\"SearchAction\",\"target\":{\"@type\":\"EntryPoint\",\"urlTemplate\":\"https:\/\/lumiererosario.gob.ar\/web\/?s={search_term_string}\"},\"query-input\":{\"@type\":\"PropertyValueSpecification\",\"valueRequired\":true,\"valueName\":\"search_term_string\"}}],\"inLanguage\":\"es\"},{\"@type\":\"Organization\",\"@id\":\"https:\/\/lumiererosario.gob.ar\/web\/#organization\",\"name\":\"Centro Cultural Cine Lumi\u00e8re\",\"url\":\"https:\/\/lumiererosario.gob.ar\/web\/\",\"logo\":{\"@type\":\"ImageObject\",\"inLanguage\":\"es\",\"@id\":\"https:\/\/lumiererosario.gob.ar\/web\/#\/schema\/logo\/image\/\",\"url\":\"https:\/\/lumiererosario.gob.ar\/web\/wp-content\/uploads\/2019\/10\/logo-lumiere.png\",\"contentUrl\":\"https:\/\/lumiererosario.gob.ar\/web\/wp-content\/uploads\/2019\/10\/logo-lumiere.png\",\"width\":350,\"height\":175,\"caption\":\"Centro Cultural Cine Lumi\u00e8re\"},\"image\":{\"@id\":\"https:\/\/lumiererosario.gob.ar\/web\/#\/schema\/logo\/image\/\"},\"sameAs\":[\"https:\/\/es-la.facebook.com\/CentroCulturalCineLumiere\/\",\"https:\/\/www.instagram.com\/cccinelumiere\/\",\"https:\/\/www.youtube.com\/channel\/UCuhG8G0hl5YdZz-j9xf2muQ\/videos\"]}]}<\/script>\n<!-- \/ Yoast SEO plugin. -->","yoast_head_json":{"title":"LE OTTO MONTAGNE - Centro Cultural Cine Lumi\u00e8re","robots":{"index":"index","follow":"follow","max-snippet":"max-snippet:-1","max-image-preview":"max-image-preview:large","max-video-preview":"max-video-preview:-1"},"canonical":"https:\/\/lumiererosario.gob.ar\/web\/agenda\/le-otto-montagne-3\/","og_locale":"es_ES","og_type":"article","og_title":"LE OTTO MONTAGNE - Centro Cultural Cine Lumi\u00e8re","og_description":"EN ENERO LOS JUEVES SON DE CINE ITALIANO Drama | Italia, 2022 | 147\u2032 | +13 Direcci\u00f3n: Felix Van Groeningen, Charlotte Vandermeersch Pietro es un chico de ciudad, Bruno es el \u00faltimo ni\u00f1o de una localidad de monta\u00f1a olvidada. Con el paso de los a\u00f1os, Bruno se mantiene fiel a su monta\u00f1a, mientras que Pietro [&hellip;]","og_url":"https:\/\/lumiererosario.gob.ar\/web\/agenda\/le-otto-montagne-3\/","og_site_name":"Centro Cultural Cine Lumi\u00e8re","article_publisher":"https:\/\/es-la.facebook.com\/CentroCulturalCineLumiere\/","article_modified_time":"2024-01-03T13:37:22+00:00","og_image":[{"width":1811,"height":1200,"url":"https:\/\/lumiererosario.gob.ar\/web\/wp-content\/uploads\/2023\/08\/Las_ocho_montaanas-428213661-large.jpg","type":"image\/jpeg"}],"twitter_misc":{"Tiempo de lectura":"1 minuto"},"schema":{"@context":"https:\/\/schema.org","@graph":[{"@type":"WebPage","@id":"https:\/\/lumiererosario.gob.ar\/web\/agenda\/le-otto-montagne-3\/","url":"https:\/\/lumiererosario.gob.ar\/web\/agenda\/le-otto-montagne-3\/","name":"LE OTTO MONTAGNE - Centro Cultural Cine Lumi\u00e8re","isPartOf":{"@id":"https:\/\/lumiererosario.gob.ar\/web\/#website"},"primaryImageOfPage":{"@id":"https:\/\/lumiererosario.gob.ar\/web\/agenda\/le-otto-montagne-3\/#primaryimage"},"image":{"@id":"https:\/\/lumiererosario.gob.ar\/web\/agenda\/le-otto-montagne-3\/#primaryimage"},"thumbnailUrl":"https:\/\/lumiererosario.gob.ar\/web\/wp-content\/uploads\/2023\/08\/Las_ocho_montaanas-428213661-large.jpg","datePublished":"2023-12-29T12:38:05+00:00","dateModified":"2024-01-03T13:37:22+00:00","breadcrumb":{"@id":"https:\/\/lumiererosario.gob.ar\/web\/agenda\/le-otto-montagne-3\/#breadcrumb"},"inLanguage":"es","potentialAction":[{"@type":"ReadAction","target":["https:\/\/lumiererosario.gob.ar\/web\/agenda\/le-otto-montagne-3\/"]}]},{"@type":"ImageObject","inLanguage":"es","@id":"https:\/\/lumiererosario.gob.ar\/web\/agenda\/le-otto-montagne-3\/#primaryimage","url":"https:\/\/lumiererosario.gob.ar\/web\/wp-content\/uploads\/2023\/08\/Las_ocho_montaanas-428213661-large.jpg","contentUrl":"https:\/\/lumiererosario.gob.ar\/web\/wp-content\/uploads\/2023\/08\/Las_ocho_montaanas-428213661-large.jpg","width":1811,"height":1200},{"@type":"BreadcrumbList","@id":"https:\/\/lumiererosario.gob.ar\/web\/agenda\/le-otto-montagne-3\/#breadcrumb","itemListElement":[{"@type":"ListItem","position":1,"name":"Portada","item":"https:\/\/lumiererosario.gob.ar\/web\/"},{"@type":"ListItem","position":2,"name":"LE OTTO MONTAGNE"}]},{"@type":"WebSite","@id":"https:\/\/lumiererosario.gob.ar\/web\/#website","url":"https:\/\/lumiererosario.gob.ar\/web\/","name":"Centro Cultural Cine Lumi\u00e8re","description":"Cine Lumi\u00e8re es el cine p\u00fablico de Municipalidad de Rosario","publisher":{"@id":"https:\/\/lumiererosario.gob.ar\/web\/#organization"},"potentialAction":[{"@type":"SearchAction","target":{"@type":"EntryPoint","urlTemplate":"https:\/\/lumiererosario.gob.ar\/web\/?s={search_term_string}"},"query-input":{"@type":"PropertyValueSpecification","valueRequired":true,"valueName":"search_term_string"}}],"inLanguage":"es"},{"@type":"Organization","@id":"https:\/\/lumiererosario.gob.ar\/web\/#organization","name":"Centro Cultural Cine Lumi\u00e8re","url":"https:\/\/lumiererosario.gob.ar\/web\/","logo":{"@type":"ImageObject","inLanguage":"es","@id":"https:\/\/lumiererosario.gob.ar\/web\/#\/schema\/logo\/image\/","url":"https:\/\/lumiererosario.gob.ar\/web\/wp-content\/uploads\/2019\/10\/logo-lumiere.png","contentUrl":"https:\/\/lumiererosario.gob.ar\/web\/wp-content\/uploads\/2019\/10\/logo-lumiere.png","width":350,"height":175,"caption":"Centro Cultural Cine Lumi\u00e8re"},"image":{"@id":"https:\/\/lumiererosario.gob.ar\/web\/#\/schema\/logo\/image\/"},"sameAs":["https:\/\/es-la.facebook.com\/CentroCulturalCineLumiere\/","https:\/\/www.instagram.com\/cccinelumiere\/","https:\/\/www.youtube.com\/channel\/UCuhG8G0hl5YdZz-j9xf2muQ\/videos"]}]}},"_links":{"self":[{"href":"https:\/\/lumiererosario.gob.ar\/web\/wp-json\/wp\/v2\/mec-events\/9164"}],"collection":[{"href":"https:\/\/lumiererosario.gob.ar\/web\/wp-json\/wp\/v2\/mec-events"}],"about":[{"href":"https:\/\/lumiererosario.gob.ar\/web\/wp-json\/wp\/v2\/types\/mec-events"}],"author":[{"embeddable":true,"href":"https:\/\/lumiererosario.gob.ar\/web\/wp-json\/wp\/v2\/users\/4"}],"replies":[{"embeddable":true,"href":"https:\/\/lumiererosario.gob.ar\/web\/wp-json\/wp\/v2\/comments?post=9164"}],"wp:featuredmedia":[{"embeddable":true,"href":"https:\/\/lumiererosario.gob.ar\/web\/wp-json\/wp\/v2\/media\/8318"}],"wp:attachment":[{"href":"https:\/\/lumiererosario.gob.ar\/web\/wp-json\/wp\/v2\/media?parent=9164"}],"wp:term":[{"taxonomy":"post_tag","embeddable":true,"href":"https:\/\/lumiererosario.gob.ar\/web\/wp-json\/wp\/v2\/tags?post=9164"},{"taxonomy":"mec_category","embeddable":true,"href":"https:\/\/lumiererosario.gob.ar\/web\/wp-json\/wp\/v2\/mec_category?post=9164"}],"curies":[{"name":"wp","href":"https:\/\/api.w.org\/{rel}","templated":true}]}}

<p><strong>EN ENERO LOS JUEVES SON DE CINE ITALIANO</strong></p>
<p>Drama | Italia, 2022 | 147′ | +13<br />
Dirección: Felix Van Groeningen, Charlotte Vandermeersch</p>
<p>Pietro es un chico de ciudad, Bruno es el último niño de una localidad de montaña olvidada. Con el paso de los años, Bruno se mantiene fiel a su montaña, mientras que Pietro viene y va. Sus experiencias le harán enfrentarse al amor y a la pérdida, recordándoles sus orígenes y abriendo paso al destino.</p>
<p><iframe title="YouTube video player" src="https://www.youtube.com/embed/n52pZ6e3Xm0?si=kPcTWiPDuAgD2tAJ" width="100%" height="315" frameborder="0" allowfullscreen="allowfullscreen"><span data-mce-type="bookmark" style="display: inline-block; width: 0px; overflow: hidden; line-height: 0;" class="mce_SELRES_start">﻿</span></iframe></p>
<p><strong>La entrada es gratuita, la podés retirar en boletería que abre media hora antes de la función y la sala es climatizada</strong></p>

<p>EN ENERO LOS JUEVES SON DE CINE ITALIANO Drama | Italia, 2022 | 147′ | +13 Dirección: Felix Van Groeningen, Charlotte Vandermeersch Pietro es un chico de ciudad, Bruno es el último niño de una localidad de montaña olvidada. Con el paso de los años, Bruno se mantiene fiel a su montaña, mientras que Pietro [&hellip;]</p>

<!-- This site is optimized with the Yoast SEO plugin v25.6 - https://yoast.com/wordpress/plugins/seo/ -->
<title>LE OTTO MONTAGNE - Centro Cultural Cine Lumière</title>
<meta name="robots" content="index, follow, max-snippet:-1, max-image-preview:large, max-video-preview:-1" />
<link rel="canonical" href="https://lumiererosario.gob.ar/web/agenda/le-otto-montagne-3/" />
<meta property="og:locale" content="es_ES" />
<meta property="og:type" content="article" />
<meta property="og:title" content="LE OTTO MONTAGNE - Centro Cultural Cine Lumière" />
<meta property="og:description" content="EN ENERO LOS JUEVES SON DE CINE ITALIANO Drama | Italia, 2022 | 147′ | +13 Dirección: Felix Van Groeningen, Charlotte Vandermeersch Pietro es un chico de ciudad, Bruno es el último niño de una localidad de montaña olvidada. Con el paso de los años, Bruno se mantiene fiel a su montaña, mientras que Pietro [&hellip;]" />
<meta property="og:url" content="https://lumiererosario.gob.ar/web/agenda/le-otto-montagne-3/" />
<meta property="og:site_name" content="Centro Cultural Cine Lumière" />
<meta property="article:publisher" content="https://es-la.facebook.com/CentroCulturalCineLumiere/" />
<meta property="article:modified_time" content="2024-01-03T13:37:22+00:00" />
<meta property="og:image" content="https://lumiererosario.gob.ar/web/wp-content/uploads/2023/08/Las_ocho_montaanas-428213661-large.jpg" />
	<meta property="og:image:width" content="1811" />
	<meta property="og:image:height" content="1200" />
	<meta property="og:image:type" content="image/jpeg" />
<meta name="twitter:label1" content="Tiempo de lectura" />
	<meta name="twitter:data1" content="1 minuto" />
<script type="application/ld+json" class="yoast-schema-graph">{"@context":"https://schema.org","@graph":[{"@type":"WebPage","@id":"https://lumiererosario.gob.ar/web/agenda/le-otto-montagne-3/","url":"https://lumiererosario.gob.ar/web/agenda/le-otto-montagne-3/","name":"LE OTTO MONTAGNE - Centro Cultural Cine Lumière","isPartOf":{"@id":"https://lumiererosario.gob.ar/web/#website"},"primaryImageOfPage":{"@id":"https://lumiererosario.gob.ar/web/agenda/le-otto-montagne-3/#primaryimage"},"image":{"@id":"https://lumiererosario.gob.ar/web/agenda/le-otto-montagne-3/#primaryimage"},"thumbnailUrl":"https://lumiererosario.gob.ar/web/wp-content/uploads/2023/08/Las_ocho_montaanas-428213661-large.jpg","datePublished":"2023-12-29T12:38:05+00:00","dateModified":"2024-01-03T13:37:22+00:00","breadcrumb":{"@id":"https://lumiererosario.gob.ar/web/agenda/le-otto-montagne-3/#breadcrumb"},"inLanguage":"es","potentialAction":[{"@type":"ReadAction","target":["https://lumiererosario.gob.ar/web/agenda/le-otto-montagne-3/"]}]},{"@type":"ImageObject","inLanguage":"es","@id":"https://lumiererosario.gob.ar/web/agenda/le-otto-montagne-3/#primaryimage","url":"https://lumiererosario.gob.ar/web/wp-content/uploads/2023/08/Las_ocho_montaanas-428213661-large.jpg","contentUrl":"https://lumiererosario.gob.ar/web/wp-content/uploads/2023/08/Las_ocho_montaanas-428213661-large.jpg","width":1811,"height":1200},{"@type":"BreadcrumbList","@id":"https://lumiererosario.gob.ar/web/agenda/le-otto-montagne-3/#breadcrumb","itemListElement":[{"@type":"ListItem","position":1,"name":"Portada","item":"https://lumiererosario.gob.ar/web/"},{"@type":"ListItem","position":2,"name":"LE OTTO MONTAGNE"}]},{"@type":"WebSite","@id":"https://lumiererosario.gob.ar/web/#website","url":"https://lumiererosario.gob.ar/web/","name":"Centro Cultural Cine Lumière","description":"Cine Lumière es el cine público de Municipalidad de Rosario","publisher":{"@id":"https://lumiererosario.gob.ar/web/#organization"},"potentialAction":[{"@type":"SearchAction","target":{"@type":"EntryPoint","urlTemplate":"https://lumiererosario.gob.ar/web/?s={search_term_string}"},"query-input":{"@type":"PropertyValueSpecification","valueRequired":true,"valueName":"search_term_string"}}],"inLanguage":"es"},{"@type":"Organization","@id":"https://lumiererosario.gob.ar/web/#organization","name":"Centro Cultural Cine Lumière","url":"https://lumiererosario.gob.ar/web/","logo":{"@type":"ImageObject","inLanguage":"es","@id":"https://lumiererosario.gob.ar/web/#/schema/logo/image/","url":"https://lumiererosario.gob.ar/web/wp-content/uploads/2019/10/logo-lumiere.png","contentUrl":"https://lumiererosario.gob.ar/web/wp-content/uploads/2019/10/logo-lumiere.png","width":350,"height":175,"caption":"Centro Cultural Cine Lumière"},"image":{"@id":"https://lumiererosario.gob.ar/web/#/schema/logo/image/"},"sameAs":["https://es-la.facebook.com/CentroCulturalCineLumiere/","https://www.instagram.com/cccinelumiere/","https://www.youtube.com/channel/UCuhG8G0hl5YdZz-j9xf2muQ/videos"]}]}</script>
<!-- / Yoast SEO plugin. -->

LE OTTO MONTAGNE - Centro Cultural Cine Lumière

EN ENERO LOS JUEVES SON DE CINE ITALIANO Drama | Italia, 2022 | 147′ | +13 Dirección: Felix Van Groeningen, Charlotte Vandermeersch Pietro es un chico de ciudad, Bruno es el último niño de una localidad de montaña olvidada. Con el paso de los años, Bruno se mantiene fiel a su montaña, mientras que Pietro [&hellip;]

Centro Cultural Cine Lumière

Cine Lumière es el cine público de Municipalidad de Rosario
