{"id":13446,"date":"2026-08-31T12:14:24","date_gmt":"2026-08-31T15:14:24","guid":{"rendered":"https:\/\/lumiererosario.gob.ar\/web\/?post_type=mec-events&#038;p=13446"},"modified":"2026-08-31T12:14:24","modified_gmt":"2026-08-31T15:14:24","slug":"los-lazos-que-nos-unen","status":"publish","type":"mec-events","link":"https:\/\/lumiererosario.gob.ar\/web\/agenda\/los-lazos-que-nos-unen\/","title":{"rendered":"Los Lazos que nos unen"},"content":{"rendered":"<p><em>L&#8217;attachement<\/em> | Drama | Francia | 2024 | 106 min. | R-13<br \/>\nDirecci\u00f3n: Carine Tardieu<\/p>\n<p>Sandra, una mujer soltera y sumamente independiente de unos cincuenta a\u00f1os, regenta una librer\u00eda feminista. Cuando la pareja del apartamento vecino, Alex y C\u00e9cile, tiene que ir al hospital para el parto de C\u00e9cile, Sandra acepta cuidar de su hijo de seis a\u00f1os, Elliott, aunque no le interesan especialmente los ni\u00f1os. Surgen complicaciones durante el parto y la madre muere al dar a luz a una hija llamada Lucille. Tras la tragedia, Sandra comienza a convertirse en un modelo femenino cada vez m\u00e1s importante, no solo para el ni\u00f1o, sino tambi\u00e9n para el padre viudo y la peque\u00f1a Lucille.<\/p>\n<p><strong>Ciclo \u201cActualidad de las pasiones: tres pel\u00edculas sobre el amor, el odio y la ignorancia\u00bb. Cine y conversaci\u00f3n, junto a La Escuela de Orientaci\u00f3n Lacaniana (EOL) de Rosario.<\/strong><\/p>\n<p>ENTRADA GRATUITA<br \/>\nBoleter\u00eda abierta 30min antes de cada funci\u00f3n<\/p>\n<p>Sala climatizada<br \/>\nCine Lumi\u00e8re | V\u00e9lez Sarsfield 1027<\/p>\n","protected":false},"excerpt":{"rendered":"<p>L&#8217;attachement | Drama | Francia | 2024 | 106 min. | R-13 Direcci\u00f3n: Carine Tardieu Sandra, una mujer soltera y sumamente independiente de unos cincuenta a\u00f1os, regenta una librer\u00eda feminista. Cuando la pareja del apartamento vecino, Alex y C\u00e9cile, tiene que ir al hospital para el parto de C\u00e9cile, Sandra acepta cuidar de su hijo [&hellip;]<\/p>\n","protected":false},"author":4,"featured_media":13447,"comment_status":"closed","ping_status":"closed","template":"","tags":[],"mec_category":[],"class_list":["post-13446","mec-events","type-mec-events","status-publish","has-post-thumbnail","hentry"],"yoast_head":"<!-- This site is optimized with the Yoast SEO plugin v28.4 - https:\/\/yoast.com\/product\/yoast-seo-wordpress\/ -->\n<title>Los Lazos que nos unen - Centro Cultural Cine Lumi\u00e8re<\/title>\n<meta name=\"robots\" content=\"index, follow, max-snippet:-1, max-image-preview:large, max-video-preview:-1\" \/>\n<link rel=\"canonical\" href=\"https:\/\/lumiererosario.gob.ar\/web\/agenda\/los-lazos-que-nos-unen\/\" \/>\n<meta property=\"og:locale\" content=\"es_ES\" \/>\n<meta property=\"og:type\" content=\"article\" \/>\n<meta property=\"og:title\" content=\"Los Lazos que nos unen - Centro Cultural Cine Lumi\u00e8re\" \/>\n<meta property=\"og:description\" content=\"L&#8217;attachement | Drama | Francia | 2024 | 106 min. | R-13 Direcci\u00f3n: Carine Tardieu Sandra, una mujer soltera y sumamente independiente de unos cincuenta a\u00f1os, regenta una librer\u00eda feminista. Cuando la pareja del apartamento vecino, Alex y C\u00e9cile, tiene que ir al hospital para el parto de C\u00e9cile, Sandra acepta cuidar de su hijo [&hellip;]\" \/>\n<meta property=\"og:url\" content=\"https:\/\/lumiererosario.gob.ar\/web\/agenda\/los-lazos-que-nos-unen\/\" \/>\n<meta property=\"og:site_name\" content=\"Centro Cultural Cine Lumi\u00e8re\" \/>\n<meta property=\"article:publisher\" content=\"https:\/\/es-la.facebook.com\/CentroCulturalCineLumiere\/\" \/>\n<meta property=\"og:image\" content=\"https:\/\/lumiererosario.gob.ar\/web\/wp-content\/uploads\/2026\/08\/los-lazos-que-nos-unen.jpg\" \/>\n\t<meta property=\"og:image:width\" content=\"900\" \/>\n\t<meta property=\"og:image:height\" content=\"600\" \/>\n\t<meta property=\"og:image:type\" content=\"image\/jpeg\" \/>\n<meta name=\"twitter:label1\" content=\"Tiempo de lectura\" \/>\n\t<meta name=\"twitter:data1\" content=\"1 minuto\" \/>\n<script type=\"application\/ld+json\" class=\"yoast-schema-graph\">{\"@context\":\"https:\\\/\\\/schema.org\",\"@graph\":[{\"@type\":\"WebPage\",\"@id\":\"https:\\\/\\\/lumiererosario.gob.ar\\\/web\\\/agenda\\\/los-lazos-que-nos-unen\\\/\",\"url\":\"https:\\\/\\\/lumiererosario.gob.ar\\\/web\\\/agenda\\\/los-lazos-que-nos-unen\\\/\",\"name\":\"Los Lazos que nos unen - Centro Cultural Cine Lumi\u00e8re\",\"isPartOf\":{\"@id\":\"https:\\\/\\\/lumiererosario.gob.ar\\\/web\\\/#website\"},\"primaryImageOfPage\":{\"@id\":\"https:\\\/\\\/lumiererosario.gob.ar\\\/web\\\/agenda\\\/los-lazos-que-nos-unen\\\/#primaryimage\"},\"image\":{\"@id\":\"https:\\\/\\\/lumiererosario.gob.ar\\\/web\\\/agenda\\\/los-lazos-que-nos-unen\\\/#primaryimage\"},\"thumbnailUrl\":\"https:\\\/\\\/lumiererosario.gob.ar\\\/web\\\/wp-content\\\/uploads\\\/2026\\\/08\\\/los-lazos-que-nos-unen.jpg\",\"datePublished\":\"2026-08-31T15:14:24+00:00\",\"breadcrumb\":{\"@id\":\"https:\\\/\\\/lumiererosario.gob.ar\\\/web\\\/agenda\\\/los-lazos-que-nos-unen\\\/#breadcrumb\"},\"inLanguage\":\"es\",\"potentialAction\":[{\"@type\":\"ReadAction\",\"target\":[\"https:\\\/\\\/lumiererosario.gob.ar\\\/web\\\/agenda\\\/los-lazos-que-nos-unen\\\/\"]}]},{\"@type\":\"ImageObject\",\"inLanguage\":\"es\",\"@id\":\"https:\\\/\\\/lumiererosario.gob.ar\\\/web\\\/agenda\\\/los-lazos-que-nos-unen\\\/#primaryimage\",\"url\":\"https:\\\/\\\/lumiererosario.gob.ar\\\/web\\\/wp-content\\\/uploads\\\/2026\\\/08\\\/los-lazos-que-nos-unen.jpg\",\"contentUrl\":\"https:\\\/\\\/lumiererosario.gob.ar\\\/web\\\/wp-content\\\/uploads\\\/2026\\\/08\\\/los-lazos-que-nos-unen.jpg\",\"width\":900,\"height\":600},{\"@type\":\"BreadcrumbList\",\"@id\":\"https:\\\/\\\/lumiererosario.gob.ar\\\/web\\\/agenda\\\/los-lazos-que-nos-unen\\\/#breadcrumb\",\"itemListElement\":[{\"@type\":\"ListItem\",\"position\":1,\"name\":\"Portada\",\"item\":\"https:\\\/\\\/lumiererosario.gob.ar\\\/web\\\/\"},{\"@type\":\"ListItem\",\"position\":2,\"name\":\"Los Lazos que nos unen\"}]},{\"@type\":\"WebSite\",\"@id\":\"https:\\\/\\\/lumiererosario.gob.ar\\\/web\\\/#website\",\"url\":\"https:\\\/\\\/lumiererosario.gob.ar\\\/web\\\/\",\"name\":\"Centro Cultural Cine Lumi\u00e8re\",\"description\":\"Cine Lumi\u00e8re es el cine p\u00fablico de Municipalidad de Rosario\",\"publisher\":{\"@id\":\"https:\\\/\\\/lumiererosario.gob.ar\\\/web\\\/#organization\"},\"potentialAction\":[{\"@type\":\"SearchAction\",\"target\":{\"@type\":\"EntryPoint\",\"urlTemplate\":\"https:\\\/\\\/lumiererosario.gob.ar\\\/web\\\/?s={search_term_string}\"},\"query-input\":{\"@type\":\"PropertyValueSpecification\",\"valueRequired\":true,\"valueName\":\"search_term_string\"}}],\"inLanguage\":\"es\"},{\"@type\":\"Organization\",\"@id\":\"https:\\\/\\\/lumiererosario.gob.ar\\\/web\\\/#organization\",\"name\":\"Centro Cultural Cine Lumi\u00e8re\",\"url\":\"https:\\\/\\\/lumiererosario.gob.ar\\\/web\\\/\",\"logo\":{\"@type\":\"ImageObject\",\"inLanguage\":\"es\",\"@id\":\"https:\\\/\\\/lumiererosario.gob.ar\\\/web\\\/#\\\/schema\\\/logo\\\/image\\\/\",\"url\":\"https:\\\/\\\/lumiererosario.gob.ar\\\/web\\\/wp-content\\\/uploads\\\/2019\\\/10\\\/logo-lumiere.png\",\"contentUrl\":\"https:\\\/\\\/lumiererosario.gob.ar\\\/web\\\/wp-content\\\/uploads\\\/2019\\\/10\\\/logo-lumiere.png\",\"width\":350,\"height\":175,\"caption\":\"Centro Cultural Cine Lumi\u00e8re\"},\"image\":{\"@id\":\"https:\\\/\\\/lumiererosario.gob.ar\\\/web\\\/#\\\/schema\\\/logo\\\/image\\\/\"},\"sameAs\":[\"https:\\\/\\\/es-la.facebook.com\\\/CentroCulturalCineLumiere\\\/\",\"https:\\\/\\\/www.instagram.com\\\/cccinelumiere\\\/\",\"https:\\\/\\\/www.youtube.com\\\/channel\\\/UCuhG8G0hl5YdZz-j9xf2muQ\\\/videos\"]}]}<\/script>\n<!-- \/ Yoast SEO plugin. -->","yoast_head_json":{"title":"Los Lazos que nos unen - Centro Cultural Cine Lumi\u00e8re","robots":{"index":"index","follow":"follow","max-snippet":"max-snippet:-1","max-image-preview":"max-image-preview:large","max-video-preview":"max-video-preview:-1"},"canonical":"https:\/\/lumiererosario.gob.ar\/web\/agenda\/los-lazos-que-nos-unen\/","og_locale":"es_ES","og_type":"article","og_title":"Los Lazos que nos unen - Centro Cultural Cine Lumi\u00e8re","og_description":"L&#8217;attachement | Drama | Francia | 2024 | 106 min. | R-13 Direcci\u00f3n: Carine Tardieu Sandra, una mujer soltera y sumamente independiente de unos cincuenta a\u00f1os, regenta una librer\u00eda feminista. Cuando la pareja del apartamento vecino, Alex y C\u00e9cile, tiene que ir al hospital para el parto de C\u00e9cile, Sandra acepta cuidar de su hijo [&hellip;]","og_url":"https:\/\/lumiererosario.gob.ar\/web\/agenda\/los-lazos-que-nos-unen\/","og_site_name":"Centro Cultural Cine Lumi\u00e8re","article_publisher":"https:\/\/es-la.facebook.com\/CentroCulturalCineLumiere\/","og_image":[{"width":900,"height":600,"url":"https:\/\/lumiererosario.gob.ar\/web\/wp-content\/uploads\/2026\/08\/los-lazos-que-nos-unen.jpg","type":"image\/jpeg"}],"twitter_misc":{"Tiempo de lectura":"1 minuto"},"schema":{"@context":"https:\/\/schema.org","@graph":[{"@type":"WebPage","@id":"https:\/\/lumiererosario.gob.ar\/web\/agenda\/los-lazos-que-nos-unen\/","url":"https:\/\/lumiererosario.gob.ar\/web\/agenda\/los-lazos-que-nos-unen\/","name":"Los Lazos que nos unen - Centro Cultural Cine Lumi\u00e8re","isPartOf":{"@id":"https:\/\/lumiererosario.gob.ar\/web\/#website"},"primaryImageOfPage":{"@id":"https:\/\/lumiererosario.gob.ar\/web\/agenda\/los-lazos-que-nos-unen\/#primaryimage"},"image":{"@id":"https:\/\/lumiererosario.gob.ar\/web\/agenda\/los-lazos-que-nos-unen\/#primaryimage"},"thumbnailUrl":"https:\/\/lumiererosario.gob.ar\/web\/wp-content\/uploads\/2026\/08\/los-lazos-que-nos-unen.jpg","datePublished":"2026-08-31T15:14:24+00:00","breadcrumb":{"@id":"https:\/\/lumiererosario.gob.ar\/web\/agenda\/los-lazos-que-nos-unen\/#breadcrumb"},"inLanguage":"es","potentialAction":[{"@type":"ReadAction","target":["https:\/\/lumiererosario.gob.ar\/web\/agenda\/los-lazos-que-nos-unen\/"]}]},{"@type":"ImageObject","inLanguage":"es","@id":"https:\/\/lumiererosario.gob.ar\/web\/agenda\/los-lazos-que-nos-unen\/#primaryimage","url":"https:\/\/lumiererosario.gob.ar\/web\/wp-content\/uploads\/2026\/08\/los-lazos-que-nos-unen.jpg","contentUrl":"https:\/\/lumiererosario.gob.ar\/web\/wp-content\/uploads\/2026\/08\/los-lazos-que-nos-unen.jpg","width":900,"height":600},{"@type":"BreadcrumbList","@id":"https:\/\/lumiererosario.gob.ar\/web\/agenda\/los-lazos-que-nos-unen\/#breadcrumb","itemListElement":[{"@type":"ListItem","position":1,"name":"Portada","item":"https:\/\/lumiererosario.gob.ar\/web\/"},{"@type":"ListItem","position":2,"name":"Los Lazos que nos unen"}]},{"@type":"WebSite","@id":"https:\/\/lumiererosario.gob.ar\/web\/#website","url":"https:\/\/lumiererosario.gob.ar\/web\/","name":"Centro Cultural Cine Lumi\u00e8re","description":"Cine Lumi\u00e8re es el cine p\u00fablico de Municipalidad de Rosario","publisher":{"@id":"https:\/\/lumiererosario.gob.ar\/web\/#organization"},"potentialAction":[{"@type":"SearchAction","target":{"@type":"EntryPoint","urlTemplate":"https:\/\/lumiererosario.gob.ar\/web\/?s={search_term_string}"},"query-input":{"@type":"PropertyValueSpecification","valueRequired":true,"valueName":"search_term_string"}}],"inLanguage":"es"},{"@type":"Organization","@id":"https:\/\/lumiererosario.gob.ar\/web\/#organization","name":"Centro Cultural Cine Lumi\u00e8re","url":"https:\/\/lumiererosario.gob.ar\/web\/","logo":{"@type":"ImageObject","inLanguage":"es","@id":"https:\/\/lumiererosario.gob.ar\/web\/#\/schema\/logo\/image\/","url":"https:\/\/lumiererosario.gob.ar\/web\/wp-content\/uploads\/2019\/10\/logo-lumiere.png","contentUrl":"https:\/\/lumiererosario.gob.ar\/web\/wp-content\/uploads\/2019\/10\/logo-lumiere.png","width":350,"height":175,"caption":"Centro Cultural Cine Lumi\u00e8re"},"image":{"@id":"https:\/\/lumiererosario.gob.ar\/web\/#\/schema\/logo\/image\/"},"sameAs":["https:\/\/es-la.facebook.com\/CentroCulturalCineLumiere\/","https:\/\/www.instagram.com\/cccinelumiere\/","https:\/\/www.youtube.com\/channel\/UCuhG8G0hl5YdZz-j9xf2muQ\/videos"]}]}},"_links":{"self":[{"href":"https:\/\/lumiererosario.gob.ar\/web\/wp-json\/wp\/v2\/mec-events\/13446","targetHints":{"allow":["GET"]}}],"collection":[{"href":"https:\/\/lumiererosario.gob.ar\/web\/wp-json\/wp\/v2\/mec-events"}],"about":[{"href":"https:\/\/lumiererosario.gob.ar\/web\/wp-json\/wp\/v2\/types\/mec-events"}],"author":[{"embeddable":true,"href":"https:\/\/lumiererosario.gob.ar\/web\/wp-json\/wp\/v2\/users\/4"}],"replies":[{"embeddable":true,"href":"https:\/\/lumiererosario.gob.ar\/web\/wp-json\/wp\/v2\/comments?post=13446"}],"wp:featuredmedia":[{"embeddable":true,"href":"https:\/\/lumiererosario.gob.ar\/web\/wp-json\/wp\/v2\/media\/13447"}],"wp:attachment":[{"href":"https:\/\/lumiererosario.gob.ar\/web\/wp-json\/wp\/v2\/media?parent=13446"}],"wp:term":[{"taxonomy":"post_tag","embeddable":true,"href":"https:\/\/lumiererosario.gob.ar\/web\/wp-json\/wp\/v2\/tags?post=13446"},{"taxonomy":"mec_category","embeddable":true,"href":"https:\/\/lumiererosario.gob.ar\/web\/wp-json\/wp\/v2\/mec_category?post=13446"}],"curies":[{"name":"wp","href":"https:\/\/api.w.org\/{rel}","templated":true}]}}

<p><em>L&#8217;attachement</em> | Drama | Francia | 2024 | 106 min. | R-13<br />
Dirección: Carine Tardieu</p>
<p>Sandra, una mujer soltera y sumamente independiente de unos cincuenta años, regenta una librería feminista. Cuando la pareja del apartamento vecino, Alex y Cécile, tiene que ir al hospital para el parto de Cécile, Sandra acepta cuidar de su hijo de seis años, Elliott, aunque no le interesan especialmente los niños. Surgen complicaciones durante el parto y la madre muere al dar a luz a una hija llamada Lucille. Tras la tragedia, Sandra comienza a convertirse en un modelo femenino cada vez más importante, no solo para el niño, sino también para el padre viudo y la pequeña Lucille.</p>
<p><strong>Ciclo “Actualidad de las pasiones: tres películas sobre el amor, el odio y la ignorancia». Cine y conversación, junto a La Escuela de Orientación Lacaniana (EOL) de Rosario.</strong></p>
<p>ENTRADA GRATUITA<br />
Boletería abierta 30min antes de cada función</p>
<p>Sala climatizada<br />
Cine Lumière | Vélez Sarsfield 1027</p>

<p>L&#8217;attachement | Drama | Francia | 2024 | 106 min. | R-13 Dirección: Carine Tardieu Sandra, una mujer soltera y sumamente independiente de unos cincuenta años, regenta una librería feminista. Cuando la pareja del apartamento vecino, Alex y Cécile, tiene que ir al hospital para el parto de Cécile, Sandra acepta cuidar de su hijo [&hellip;]</p>

<!-- This site is optimized with the Yoast SEO plugin v28.4 - https://yoast.com/product/yoast-seo-wordpress/ -->
<title>Los Lazos que nos unen - Centro Cultural Cine Lumière</title>
<meta name="robots" content="index, follow, max-snippet:-1, max-image-preview:large, max-video-preview:-1" />
<link rel="canonical" href="https://lumiererosario.gob.ar/web/agenda/los-lazos-que-nos-unen/" />
<meta property="og:locale" content="es_ES" />
<meta property="og:type" content="article" />
<meta property="og:title" content="Los Lazos que nos unen - Centro Cultural Cine Lumière" />
<meta property="og:description" content="L&#8217;attachement | Drama | Francia | 2024 | 106 min. | R-13 Dirección: Carine Tardieu Sandra, una mujer soltera y sumamente independiente de unos cincuenta años, regenta una librería feminista. Cuando la pareja del apartamento vecino, Alex y Cécile, tiene que ir al hospital para el parto de Cécile, Sandra acepta cuidar de su hijo [&hellip;]" />
<meta property="og:url" content="https://lumiererosario.gob.ar/web/agenda/los-lazos-que-nos-unen/" />
<meta property="og:site_name" content="Centro Cultural Cine Lumière" />
<meta property="article:publisher" content="https://es-la.facebook.com/CentroCulturalCineLumiere/" />
<meta property="og:image" content="https://lumiererosario.gob.ar/web/wp-content/uploads/2026/08/los-lazos-que-nos-unen.jpg" />
	<meta property="og:image:width" content="900" />
	<meta property="og:image:height" content="600" />
	<meta property="og:image:type" content="image/jpeg" />
<meta name="twitter:label1" content="Tiempo de lectura" />
	<meta name="twitter:data1" content="1 minuto" />
<script type="application/ld+json" class="yoast-schema-graph">{"@context":"https:\/\/schema.org","@graph":[{"@type":"WebPage","@id":"https:\/\/lumiererosario.gob.ar\/web\/agenda\/los-lazos-que-nos-unen\/","url":"https:\/\/lumiererosario.gob.ar\/web\/agenda\/los-lazos-que-nos-unen\/","name":"Los Lazos que nos unen - Centro Cultural Cine Lumière","isPartOf":{"@id":"https:\/\/lumiererosario.gob.ar\/web\/#website"},"primaryImageOfPage":{"@id":"https:\/\/lumiererosario.gob.ar\/web\/agenda\/los-lazos-que-nos-unen\/#primaryimage"},"image":{"@id":"https:\/\/lumiererosario.gob.ar\/web\/agenda\/los-lazos-que-nos-unen\/#primaryimage"},"thumbnailUrl":"https:\/\/lumiererosario.gob.ar\/web\/wp-content\/uploads\/2026\/08\/los-lazos-que-nos-unen.jpg","datePublished":"2026-08-31T15:14:24+00:00","breadcrumb":{"@id":"https:\/\/lumiererosario.gob.ar\/web\/agenda\/los-lazos-que-nos-unen\/#breadcrumb"},"inLanguage":"es","potentialAction":[{"@type":"ReadAction","target":["https:\/\/lumiererosario.gob.ar\/web\/agenda\/los-lazos-que-nos-unen\/"]}]},{"@type":"ImageObject","inLanguage":"es","@id":"https:\/\/lumiererosario.gob.ar\/web\/agenda\/los-lazos-que-nos-unen\/#primaryimage","url":"https:\/\/lumiererosario.gob.ar\/web\/wp-content\/uploads\/2026\/08\/los-lazos-que-nos-unen.jpg","contentUrl":"https:\/\/lumiererosario.gob.ar\/web\/wp-content\/uploads\/2026\/08\/los-lazos-que-nos-unen.jpg","width":900,"height":600},{"@type":"BreadcrumbList","@id":"https:\/\/lumiererosario.gob.ar\/web\/agenda\/los-lazos-que-nos-unen\/#breadcrumb","itemListElement":[{"@type":"ListItem","position":1,"name":"Portada","item":"https:\/\/lumiererosario.gob.ar\/web\/"},{"@type":"ListItem","position":2,"name":"Los Lazos que nos unen"}]},{"@type":"WebSite","@id":"https:\/\/lumiererosario.gob.ar\/web\/#website","url":"https:\/\/lumiererosario.gob.ar\/web\/","name":"Centro Cultural Cine Lumière","description":"Cine Lumière es el cine público de Municipalidad de Rosario","publisher":{"@id":"https:\/\/lumiererosario.gob.ar\/web\/#organization"},"potentialAction":[{"@type":"SearchAction","target":{"@type":"EntryPoint","urlTemplate":"https:\/\/lumiererosario.gob.ar\/web\/?s={search_term_string}"},"query-input":{"@type":"PropertyValueSpecification","valueRequired":true,"valueName":"search_term_string"}}],"inLanguage":"es"},{"@type":"Organization","@id":"https:\/\/lumiererosario.gob.ar\/web\/#organization","name":"Centro Cultural Cine Lumière","url":"https:\/\/lumiererosario.gob.ar\/web\/","logo":{"@type":"ImageObject","inLanguage":"es","@id":"https:\/\/lumiererosario.gob.ar\/web\/#\/schema\/logo\/image\/","url":"https:\/\/lumiererosario.gob.ar\/web\/wp-content\/uploads\/2019\/10\/logo-lumiere.png","contentUrl":"https:\/\/lumiererosario.gob.ar\/web\/wp-content\/uploads\/2019\/10\/logo-lumiere.png","width":350,"height":175,"caption":"Centro Cultural Cine Lumière"},"image":{"@id":"https:\/\/lumiererosario.gob.ar\/web\/#\/schema\/logo\/image\/"},"sameAs":["https:\/\/es-la.facebook.com\/CentroCulturalCineLumiere\/","https:\/\/www.instagram.com\/cccinelumiere\/","https:\/\/www.youtube.com\/channel\/UCuhG8G0hl5YdZz-j9xf2muQ\/videos"]}]}</script>
<!-- / Yoast SEO plugin. -->

Los Lazos que nos unen - Centro Cultural Cine Lumière

L&#8217;attachement | Drama | Francia | 2024 | 106 min. | R-13 Dirección: Carine Tardieu Sandra, una mujer soltera y sumamente independiente de unos cincuenta años, regenta una librería feminista. Cuando la pareja del apartamento vecino, Alex y Cécile, tiene que ir al hospital para el parto de Cécile, Sandra acepta cuidar de su hijo [&hellip;]

Centro Cultural Cine Lumière

Cine Lumière es el cine público de Municipalidad de Rosario
