{"id":12941,"date":"2026-04-23T12:57:00","date_gmt":"2026-04-23T15:57:00","guid":{"rendered":"https:\/\/lumiererosario.gob.ar\/web\/?post_type=mec-events&#038;p=12941"},"modified":"2026-04-23T12:57:00","modified_gmt":"2026-04-23T15:57:00","slug":"animal","status":"publish","type":"mec-events","link":"https:\/\/lumiererosario.gob.ar\/web\/agenda\/animal\/","title":{"rendered":"Animal"},"content":{"rendered":"<p><em>Animale<\/em> | Ficci\u00f3n. Drama | Francia | 2024 | 103 min. | R-13<br \/>\nDir: Emma Benestan<\/p>\n<p>Cine Franc\u00e9s<\/p>\n<p><span style=\"font-weight: 400;\">Nejma entrena arduamente para cumplir su sue\u00f1o de ganar la pr\u00f3xima corrida de toros de la Camarga, una competici\u00f3n donde los toros son desafiados en la plaza. Pero a medida que la temporada alcanza su punto \u00e1lgido, unas desapariciones sospechosas inquietan a los lugare\u00f1os. R\u00e1pidamente se extienden los rumores: una bestia salvaje anda suelta\u2026<\/span><\/p>\n<p>ENTRADA GRATUITA (Boleter\u00eda abierta media hora antes de cada funci\u00f3n)<br \/>\nSala Climatizada | V\u00e9lez Sarsfield 1027<\/p>\n","protected":false},"excerpt":{"rendered":"<p>Animale | Ficci\u00f3n. Drama | Francia | 2024 | 103 min. | R-13 Dir: Emma Benestan Cine Franc\u00e9s Nejma entrena arduamente para cumplir su sue\u00f1o de ganar la pr\u00f3xima corrida de toros de la Camarga, una competici\u00f3n donde los toros son desafiados en la plaza. Pero a medida que la temporada alcanza su punto \u00e1lgido, [&hellip;]<\/p>\n","protected":false},"author":4,"featured_media":12942,"comment_status":"closed","ping_status":"closed","template":"","tags":[],"mec_category":[],"class_list":["post-12941","mec-events","type-mec-events","status-publish","has-post-thumbnail","hentry"],"yoast_head":"<!-- This site is optimized with the Yoast SEO plugin v25.6 - https:\/\/yoast.com\/wordpress\/plugins\/seo\/ -->\n<title>Animal - Centro Cultural Cine Lumi\u00e8re<\/title>\n<meta name=\"robots\" content=\"index, follow, max-snippet:-1, max-image-preview:large, max-video-preview:-1\" \/>\n<link rel=\"canonical\" href=\"https:\/\/lumiererosario.gob.ar\/web\/agenda\/animal\/\" \/>\n<meta property=\"og:locale\" content=\"es_ES\" \/>\n<meta property=\"og:type\" content=\"article\" \/>\n<meta property=\"og:title\" content=\"Animal - Centro Cultural Cine Lumi\u00e8re\" \/>\n<meta property=\"og:description\" content=\"Animale | Ficci\u00f3n. Drama | Francia | 2024 | 103 min. | R-13 Dir: Emma Benestan Cine Franc\u00e9s Nejma entrena arduamente para cumplir su sue\u00f1o de ganar la pr\u00f3xima corrida de toros de la Camarga, una competici\u00f3n donde los toros son desafiados en la plaza. Pero a medida que la temporada alcanza su punto \u00e1lgido, [&hellip;]\" \/>\n<meta property=\"og:url\" content=\"https:\/\/lumiererosario.gob.ar\/web\/agenda\/animal\/\" \/>\n<meta property=\"og:site_name\" content=\"Centro Cultural Cine Lumi\u00e8re\" \/>\n<meta property=\"article:publisher\" content=\"https:\/\/es-la.facebook.com\/CentroCulturalCineLumiere\/\" \/>\n<meta property=\"og:image\" content=\"https:\/\/lumiererosario.gob.ar\/web\/wp-content\/uploads\/2026\/04\/animal-01.jpg\" \/>\n\t<meta property=\"og:image:width\" content=\"900\" \/>\n\t<meta property=\"og:image:height\" content=\"600\" \/>\n\t<meta property=\"og:image:type\" content=\"image\/jpeg\" \/>\n<meta name=\"twitter:label1\" content=\"Tiempo de lectura\" \/>\n\t<meta name=\"twitter:data1\" content=\"1 minuto\" \/>\n<script type=\"application\/ld+json\" class=\"yoast-schema-graph\">{\"@context\":\"https:\/\/schema.org\",\"@graph\":[{\"@type\":\"WebPage\",\"@id\":\"https:\/\/lumiererosario.gob.ar\/web\/agenda\/animal\/\",\"url\":\"https:\/\/lumiererosario.gob.ar\/web\/agenda\/animal\/\",\"name\":\"Animal - Centro Cultural Cine Lumi\u00e8re\",\"isPartOf\":{\"@id\":\"https:\/\/lumiererosario.gob.ar\/web\/#website\"},\"primaryImageOfPage\":{\"@id\":\"https:\/\/lumiererosario.gob.ar\/web\/agenda\/animal\/#primaryimage\"},\"image\":{\"@id\":\"https:\/\/lumiererosario.gob.ar\/web\/agenda\/animal\/#primaryimage\"},\"thumbnailUrl\":\"https:\/\/lumiererosario.gob.ar\/web\/wp-content\/uploads\/2026\/04\/animal-01.jpg\",\"datePublished\":\"2026-04-23T15:57:00+00:00\",\"breadcrumb\":{\"@id\":\"https:\/\/lumiererosario.gob.ar\/web\/agenda\/animal\/#breadcrumb\"},\"inLanguage\":\"es\",\"potentialAction\":[{\"@type\":\"ReadAction\",\"target\":[\"https:\/\/lumiererosario.gob.ar\/web\/agenda\/animal\/\"]}]},{\"@type\":\"ImageObject\",\"inLanguage\":\"es\",\"@id\":\"https:\/\/lumiererosario.gob.ar\/web\/agenda\/animal\/#primaryimage\",\"url\":\"https:\/\/lumiererosario.gob.ar\/web\/wp-content\/uploads\/2026\/04\/animal-01.jpg\",\"contentUrl\":\"https:\/\/lumiererosario.gob.ar\/web\/wp-content\/uploads\/2026\/04\/animal-01.jpg\",\"width\":900,\"height\":600},{\"@type\":\"BreadcrumbList\",\"@id\":\"https:\/\/lumiererosario.gob.ar\/web\/agenda\/animal\/#breadcrumb\",\"itemListElement\":[{\"@type\":\"ListItem\",\"position\":1,\"name\":\"Portada\",\"item\":\"https:\/\/lumiererosario.gob.ar\/web\/\"},{\"@type\":\"ListItem\",\"position\":2,\"name\":\"Animal\"}]},{\"@type\":\"WebSite\",\"@id\":\"https:\/\/lumiererosario.gob.ar\/web\/#website\",\"url\":\"https:\/\/lumiererosario.gob.ar\/web\/\",\"name\":\"Centro Cultural Cine Lumi\u00e8re\",\"description\":\"Cine Lumi\u00e8re es el cine p\u00fablico de Municipalidad de Rosario\",\"publisher\":{\"@id\":\"https:\/\/lumiererosario.gob.ar\/web\/#organization\"},\"potentialAction\":[{\"@type\":\"SearchAction\",\"target\":{\"@type\":\"EntryPoint\",\"urlTemplate\":\"https:\/\/lumiererosario.gob.ar\/web\/?s={search_term_string}\"},\"query-input\":{\"@type\":\"PropertyValueSpecification\",\"valueRequired\":true,\"valueName\":\"search_term_string\"}}],\"inLanguage\":\"es\"},{\"@type\":\"Organization\",\"@id\":\"https:\/\/lumiererosario.gob.ar\/web\/#organization\",\"name\":\"Centro Cultural Cine Lumi\u00e8re\",\"url\":\"https:\/\/lumiererosario.gob.ar\/web\/\",\"logo\":{\"@type\":\"ImageObject\",\"inLanguage\":\"es\",\"@id\":\"https:\/\/lumiererosario.gob.ar\/web\/#\/schema\/logo\/image\/\",\"url\":\"https:\/\/lumiererosario.gob.ar\/web\/wp-content\/uploads\/2019\/10\/logo-lumiere.png\",\"contentUrl\":\"https:\/\/lumiererosario.gob.ar\/web\/wp-content\/uploads\/2019\/10\/logo-lumiere.png\",\"width\":350,\"height\":175,\"caption\":\"Centro Cultural Cine Lumi\u00e8re\"},\"image\":{\"@id\":\"https:\/\/lumiererosario.gob.ar\/web\/#\/schema\/logo\/image\/\"},\"sameAs\":[\"https:\/\/es-la.facebook.com\/CentroCulturalCineLumiere\/\",\"https:\/\/www.instagram.com\/cccinelumiere\/\",\"https:\/\/www.youtube.com\/channel\/UCuhG8G0hl5YdZz-j9xf2muQ\/videos\"]}]}<\/script>\n<!-- \/ Yoast SEO plugin. -->","yoast_head_json":{"title":"Animal - Centro Cultural Cine Lumi\u00e8re","robots":{"index":"index","follow":"follow","max-snippet":"max-snippet:-1","max-image-preview":"max-image-preview:large","max-video-preview":"max-video-preview:-1"},"canonical":"https:\/\/lumiererosario.gob.ar\/web\/agenda\/animal\/","og_locale":"es_ES","og_type":"article","og_title":"Animal - Centro Cultural Cine Lumi\u00e8re","og_description":"Animale | Ficci\u00f3n. Drama | Francia | 2024 | 103 min. | R-13 Dir: Emma Benestan Cine Franc\u00e9s Nejma entrena arduamente para cumplir su sue\u00f1o de ganar la pr\u00f3xima corrida de toros de la Camarga, una competici\u00f3n donde los toros son desafiados en la plaza. Pero a medida que la temporada alcanza su punto \u00e1lgido, [&hellip;]","og_url":"https:\/\/lumiererosario.gob.ar\/web\/agenda\/animal\/","og_site_name":"Centro Cultural Cine Lumi\u00e8re","article_publisher":"https:\/\/es-la.facebook.com\/CentroCulturalCineLumiere\/","og_image":[{"width":900,"height":600,"url":"https:\/\/lumiererosario.gob.ar\/web\/wp-content\/uploads\/2026\/04\/animal-01.jpg","type":"image\/jpeg"}],"twitter_misc":{"Tiempo de lectura":"1 minuto"},"schema":{"@context":"https:\/\/schema.org","@graph":[{"@type":"WebPage","@id":"https:\/\/lumiererosario.gob.ar\/web\/agenda\/animal\/","url":"https:\/\/lumiererosario.gob.ar\/web\/agenda\/animal\/","name":"Animal - Centro Cultural Cine Lumi\u00e8re","isPartOf":{"@id":"https:\/\/lumiererosario.gob.ar\/web\/#website"},"primaryImageOfPage":{"@id":"https:\/\/lumiererosario.gob.ar\/web\/agenda\/animal\/#primaryimage"},"image":{"@id":"https:\/\/lumiererosario.gob.ar\/web\/agenda\/animal\/#primaryimage"},"thumbnailUrl":"https:\/\/lumiererosario.gob.ar\/web\/wp-content\/uploads\/2026\/04\/animal-01.jpg","datePublished":"2026-04-23T15:57:00+00:00","breadcrumb":{"@id":"https:\/\/lumiererosario.gob.ar\/web\/agenda\/animal\/#breadcrumb"},"inLanguage":"es","potentialAction":[{"@type":"ReadAction","target":["https:\/\/lumiererosario.gob.ar\/web\/agenda\/animal\/"]}]},{"@type":"ImageObject","inLanguage":"es","@id":"https:\/\/lumiererosario.gob.ar\/web\/agenda\/animal\/#primaryimage","url":"https:\/\/lumiererosario.gob.ar\/web\/wp-content\/uploads\/2026\/04\/animal-01.jpg","contentUrl":"https:\/\/lumiererosario.gob.ar\/web\/wp-content\/uploads\/2026\/04\/animal-01.jpg","width":900,"height":600},{"@type":"BreadcrumbList","@id":"https:\/\/lumiererosario.gob.ar\/web\/agenda\/animal\/#breadcrumb","itemListElement":[{"@type":"ListItem","position":1,"name":"Portada","item":"https:\/\/lumiererosario.gob.ar\/web\/"},{"@type":"ListItem","position":2,"name":"Animal"}]},{"@type":"WebSite","@id":"https:\/\/lumiererosario.gob.ar\/web\/#website","url":"https:\/\/lumiererosario.gob.ar\/web\/","name":"Centro Cultural Cine Lumi\u00e8re","description":"Cine Lumi\u00e8re es el cine p\u00fablico de Municipalidad de Rosario","publisher":{"@id":"https:\/\/lumiererosario.gob.ar\/web\/#organization"},"potentialAction":[{"@type":"SearchAction","target":{"@type":"EntryPoint","urlTemplate":"https:\/\/lumiererosario.gob.ar\/web\/?s={search_term_string}"},"query-input":{"@type":"PropertyValueSpecification","valueRequired":true,"valueName":"search_term_string"}}],"inLanguage":"es"},{"@type":"Organization","@id":"https:\/\/lumiererosario.gob.ar\/web\/#organization","name":"Centro Cultural Cine Lumi\u00e8re","url":"https:\/\/lumiererosario.gob.ar\/web\/","logo":{"@type":"ImageObject","inLanguage":"es","@id":"https:\/\/lumiererosario.gob.ar\/web\/#\/schema\/logo\/image\/","url":"https:\/\/lumiererosario.gob.ar\/web\/wp-content\/uploads\/2019\/10\/logo-lumiere.png","contentUrl":"https:\/\/lumiererosario.gob.ar\/web\/wp-content\/uploads\/2019\/10\/logo-lumiere.png","width":350,"height":175,"caption":"Centro Cultural Cine Lumi\u00e8re"},"image":{"@id":"https:\/\/lumiererosario.gob.ar\/web\/#\/schema\/logo\/image\/"},"sameAs":["https:\/\/es-la.facebook.com\/CentroCulturalCineLumiere\/","https:\/\/www.instagram.com\/cccinelumiere\/","https:\/\/www.youtube.com\/channel\/UCuhG8G0hl5YdZz-j9xf2muQ\/videos"]}]}},"_links":{"self":[{"href":"https:\/\/lumiererosario.gob.ar\/web\/wp-json\/wp\/v2\/mec-events\/12941"}],"collection":[{"href":"https:\/\/lumiererosario.gob.ar\/web\/wp-json\/wp\/v2\/mec-events"}],"about":[{"href":"https:\/\/lumiererosario.gob.ar\/web\/wp-json\/wp\/v2\/types\/mec-events"}],"author":[{"embeddable":true,"href":"https:\/\/lumiererosario.gob.ar\/web\/wp-json\/wp\/v2\/users\/4"}],"replies":[{"embeddable":true,"href":"https:\/\/lumiererosario.gob.ar\/web\/wp-json\/wp\/v2\/comments?post=12941"}],"wp:featuredmedia":[{"embeddable":true,"href":"https:\/\/lumiererosario.gob.ar\/web\/wp-json\/wp\/v2\/media\/12942"}],"wp:attachment":[{"href":"https:\/\/lumiererosario.gob.ar\/web\/wp-json\/wp\/v2\/media?parent=12941"}],"wp:term":[{"taxonomy":"post_tag","embeddable":true,"href":"https:\/\/lumiererosario.gob.ar\/web\/wp-json\/wp\/v2\/tags?post=12941"},{"taxonomy":"mec_category","embeddable":true,"href":"https:\/\/lumiererosario.gob.ar\/web\/wp-json\/wp\/v2\/mec_category?post=12941"}],"curies":[{"name":"wp","href":"https:\/\/api.w.org\/{rel}","templated":true}]}}

<p><em>Animale</em> | Ficción. Drama | Francia | 2024 | 103 min. | R-13<br />
Dir: Emma Benestan</p>
<p>Cine Francés</p>
<p><span style="font-weight: 400;">Nejma entrena arduamente para cumplir su sueño de ganar la próxima corrida de toros de la Camarga, una competición donde los toros son desafiados en la plaza. Pero a medida que la temporada alcanza su punto álgido, unas desapariciones sospechosas inquietan a los lugareños. Rápidamente se extienden los rumores: una bestia salvaje anda suelta…</span></p>
<p>ENTRADA GRATUITA (Boletería abierta media hora antes de cada función)<br />
Sala Climatizada | Vélez Sarsfield 1027</p>

<p>Animale | Ficción. Drama | Francia | 2024 | 103 min. | R-13 Dir: Emma Benestan Cine Francés Nejma entrena arduamente para cumplir su sueño de ganar la próxima corrida de toros de la Camarga, una competición donde los toros son desafiados en la plaza. Pero a medida que la temporada alcanza su punto álgido, [&hellip;]</p>

<!-- This site is optimized with the Yoast SEO plugin v25.6 - https://yoast.com/wordpress/plugins/seo/ -->
<title>Animal - Centro Cultural Cine Lumière</title>
<meta name="robots" content="index, follow, max-snippet:-1, max-image-preview:large, max-video-preview:-1" />
<link rel="canonical" href="https://lumiererosario.gob.ar/web/agenda/animal/" />
<meta property="og:locale" content="es_ES" />
<meta property="og:type" content="article" />
<meta property="og:title" content="Animal - Centro Cultural Cine Lumière" />
<meta property="og:description" content="Animale | Ficción. Drama | Francia | 2024 | 103 min. | R-13 Dir: Emma Benestan Cine Francés Nejma entrena arduamente para cumplir su sueño de ganar la próxima corrida de toros de la Camarga, una competición donde los toros son desafiados en la plaza. Pero a medida que la temporada alcanza su punto álgido, [&hellip;]" />
<meta property="og:url" content="https://lumiererosario.gob.ar/web/agenda/animal/" />
<meta property="og:site_name" content="Centro Cultural Cine Lumière" />
<meta property="article:publisher" content="https://es-la.facebook.com/CentroCulturalCineLumiere/" />
<meta property="og:image" content="https://lumiererosario.gob.ar/web/wp-content/uploads/2026/04/animal-01.jpg" />
	<meta property="og:image:width" content="900" />
	<meta property="og:image:height" content="600" />
	<meta property="og:image:type" content="image/jpeg" />
<meta name="twitter:label1" content="Tiempo de lectura" />
	<meta name="twitter:data1" content="1 minuto" />
<script type="application/ld+json" class="yoast-schema-graph">{"@context":"https://schema.org","@graph":[{"@type":"WebPage","@id":"https://lumiererosario.gob.ar/web/agenda/animal/","url":"https://lumiererosario.gob.ar/web/agenda/animal/","name":"Animal - Centro Cultural Cine Lumière","isPartOf":{"@id":"https://lumiererosario.gob.ar/web/#website"},"primaryImageOfPage":{"@id":"https://lumiererosario.gob.ar/web/agenda/animal/#primaryimage"},"image":{"@id":"https://lumiererosario.gob.ar/web/agenda/animal/#primaryimage"},"thumbnailUrl":"https://lumiererosario.gob.ar/web/wp-content/uploads/2026/04/animal-01.jpg","datePublished":"2026-04-23T15:57:00+00:00","breadcrumb":{"@id":"https://lumiererosario.gob.ar/web/agenda/animal/#breadcrumb"},"inLanguage":"es","potentialAction":[{"@type":"ReadAction","target":["https://lumiererosario.gob.ar/web/agenda/animal/"]}]},{"@type":"ImageObject","inLanguage":"es","@id":"https://lumiererosario.gob.ar/web/agenda/animal/#primaryimage","url":"https://lumiererosario.gob.ar/web/wp-content/uploads/2026/04/animal-01.jpg","contentUrl":"https://lumiererosario.gob.ar/web/wp-content/uploads/2026/04/animal-01.jpg","width":900,"height":600},{"@type":"BreadcrumbList","@id":"https://lumiererosario.gob.ar/web/agenda/animal/#breadcrumb","itemListElement":[{"@type":"ListItem","position":1,"name":"Portada","item":"https://lumiererosario.gob.ar/web/"},{"@type":"ListItem","position":2,"name":"Animal"}]},{"@type":"WebSite","@id":"https://lumiererosario.gob.ar/web/#website","url":"https://lumiererosario.gob.ar/web/","name":"Centro Cultural Cine Lumière","description":"Cine Lumière es el cine público de Municipalidad de Rosario","publisher":{"@id":"https://lumiererosario.gob.ar/web/#organization"},"potentialAction":[{"@type":"SearchAction","target":{"@type":"EntryPoint","urlTemplate":"https://lumiererosario.gob.ar/web/?s={search_term_string}"},"query-input":{"@type":"PropertyValueSpecification","valueRequired":true,"valueName":"search_term_string"}}],"inLanguage":"es"},{"@type":"Organization","@id":"https://lumiererosario.gob.ar/web/#organization","name":"Centro Cultural Cine Lumière","url":"https://lumiererosario.gob.ar/web/","logo":{"@type":"ImageObject","inLanguage":"es","@id":"https://lumiererosario.gob.ar/web/#/schema/logo/image/","url":"https://lumiererosario.gob.ar/web/wp-content/uploads/2019/10/logo-lumiere.png","contentUrl":"https://lumiererosario.gob.ar/web/wp-content/uploads/2019/10/logo-lumiere.png","width":350,"height":175,"caption":"Centro Cultural Cine Lumière"},"image":{"@id":"https://lumiererosario.gob.ar/web/#/schema/logo/image/"},"sameAs":["https://es-la.facebook.com/CentroCulturalCineLumiere/","https://www.instagram.com/cccinelumiere/","https://www.youtube.com/channel/UCuhG8G0hl5YdZz-j9xf2muQ/videos"]}]}</script>
<!-- / Yoast SEO plugin. -->

Animal - Centro Cultural Cine Lumière

Animale | Ficción. Drama | Francia | 2024 | 103 min. | R-13 Dir: Emma Benestan Cine Francés Nejma entrena arduamente para cumplir su sueño de ganar la próxima corrida de toros de la Camarga, una competición donde los toros son desafiados en la plaza. Pero a medida que la temporada alcanza su punto álgido, [&hellip;]

Centro Cultural Cine Lumière

Cine Lumière es el cine público de Municipalidad de Rosario
