{"id":12261,"date":"2025-08-29T12:49:02","date_gmt":"2025-08-29T15:49:02","guid":{"rendered":"https:\/\/lumiererosario.gob.ar\/web\/?post_type=mec-events&#038;p=12261"},"modified":"2025-08-29T12:49:02","modified_gmt":"2025-08-29T15:49:02","slug":"amor-y-cine","status":"publish","type":"mec-events","link":"https:\/\/lumiererosario.gob.ar\/web\/agenda\/amor-y-cine\/","title":{"rendered":"Amor y cine"},"content":{"rendered":"<p>Festival La Mujer y el Cine<\/p>\n<p><span style=\"font-weight: 400;\">Documental | Argentina | 2023 | 64\u2019\u00a0 |<\/span><span style=\"font-weight: 400;\"> ATP<\/span><\/p>\n<p><span style=\"font-weight: 400;\">Direcci\u00f3n: Victoria Carreras<\/span><\/p>\n<p>&nbsp;<\/p>\n<p><span style=\"font-weight: 400;\">Victoria interpela la obra de su padre, Enrique Carreras, director argentino de noventa y cinco largometrajes. Enrique bati\u00f3 un r\u00e9cord, pero no lo hizo solo. El film es un ejercicio de memoria compartido con su madre, la actriz Mercedes Carreras, con quien recorre cuatro d\u00e9cadas de Amor y Cine. El documental explora la relaci\u00f3n del director con sus colaboradores, los productores, la cr\u00edtica y el p\u00fablico.<\/span><\/p>\n<p>&nbsp;<\/p>\n<p><span style=\"font-weight: 400;\">Festivales y Premios<\/span><\/p>\n<p><span style=\"font-weight: 400;\">38\u00b0 Festival Internacional de Cine de Mar del Plata, Argentina, 2023.<\/span><\/p>\n<p><span style=\"font-weight: 400;\">9\u00b0 Festival Internacional de Cine de las Alturas, Argentina, 2024.<\/span><\/p>\n<p><span style=\"font-weight: 400;\">36\u00b0 Festival La Mujer y el Cine, Argentina, 2024.<\/span><\/p>\n<p><span style=\"font-weight: 400;\">Mejor pel\u00edcula documental, Selecci\u00f3n Oficial Festival Nacional de Cine de Luj\u00e1n EN FOCO, Argentina, agosto, 2024.\u00a0\u00a0<\/span><\/p>\n<p>&nbsp;<\/p>\n<p>ENTRADA GRATUITA<br \/>\nBoleter\u00eda abierta 30min antes de cada funci\u00f3n<\/p>\n<p>Sala climatizada<br \/>\nCine Lumi\u00e8re | V\u00e9lez Sarsfield 1027<\/p>\n","protected":false},"excerpt":{"rendered":"<p>Festival La Mujer y el Cine Documental | Argentina | 2023 | 64\u2019\u00a0 | ATP Direcci\u00f3n: Victoria Carreras &nbsp; Victoria interpela la obra de su padre, Enrique Carreras, director argentino de noventa y cinco largometrajes. Enrique bati\u00f3 un r\u00e9cord, pero no lo hizo solo. El film es un ejercicio de memoria compartido con su madre, [&hellip;]<\/p>\n","protected":false},"author":4,"featured_media":12262,"comment_status":"closed","ping_status":"closed","template":"","tags":[],"mec_category":[],"class_list":["post-12261","mec-events","type-mec-events","status-publish","has-post-thumbnail","hentry"],"yoast_head":"<!-- This site is optimized with the Yoast SEO plugin v25.6 - https:\/\/yoast.com\/wordpress\/plugins\/seo\/ -->\n<title>Amor y cine - Centro Cultural Cine Lumi\u00e8re<\/title>\n<meta name=\"robots\" content=\"index, follow, max-snippet:-1, max-image-preview:large, max-video-preview:-1\" \/>\n<link rel=\"canonical\" href=\"https:\/\/lumiererosario.gob.ar\/web\/agenda\/amor-y-cine\/\" \/>\n<meta property=\"og:locale\" content=\"es_ES\" \/>\n<meta property=\"og:type\" content=\"article\" \/>\n<meta property=\"og:title\" content=\"Amor y cine - Centro Cultural Cine Lumi\u00e8re\" \/>\n<meta property=\"og:description\" content=\"Festival La Mujer y el Cine Documental | Argentina | 2023 | 64\u2019\u00a0 | ATP Direcci\u00f3n: Victoria Carreras &nbsp; Victoria interpela la obra de su padre, Enrique Carreras, director argentino de noventa y cinco largometrajes. Enrique bati\u00f3 un r\u00e9cord, pero no lo hizo solo. El film es un ejercicio de memoria compartido con su madre, [&hellip;]\" \/>\n<meta property=\"og:url\" content=\"https:\/\/lumiererosario.gob.ar\/web\/agenda\/amor-y-cine\/\" \/>\n<meta property=\"og:site_name\" content=\"Centro Cultural Cine Lumi\u00e8re\" \/>\n<meta property=\"article:publisher\" content=\"https:\/\/es-la.facebook.com\/CentroCulturalCineLumiere\/\" \/>\n<meta property=\"og:image\" content=\"https:\/\/lumiererosario.gob.ar\/web\/wp-content\/uploads\/2025\/08\/4.jpg\" \/>\n\t<meta property=\"og:image:width\" content=\"1920\" \/>\n\t<meta property=\"og:image:height\" content=\"1080\" \/>\n\t<meta property=\"og:image:type\" content=\"image\/jpeg\" \/>\n<meta name=\"twitter:label1\" content=\"Tiempo de lectura\" \/>\n\t<meta name=\"twitter:data1\" content=\"1 minuto\" \/>\n<script type=\"application\/ld+json\" class=\"yoast-schema-graph\">{\"@context\":\"https:\/\/schema.org\",\"@graph\":[{\"@type\":\"WebPage\",\"@id\":\"https:\/\/lumiererosario.gob.ar\/web\/agenda\/amor-y-cine\/\",\"url\":\"https:\/\/lumiererosario.gob.ar\/web\/agenda\/amor-y-cine\/\",\"name\":\"Amor y cine - Centro Cultural Cine Lumi\u00e8re\",\"isPartOf\":{\"@id\":\"https:\/\/lumiererosario.gob.ar\/web\/#website\"},\"primaryImageOfPage\":{\"@id\":\"https:\/\/lumiererosario.gob.ar\/web\/agenda\/amor-y-cine\/#primaryimage\"},\"image\":{\"@id\":\"https:\/\/lumiererosario.gob.ar\/web\/agenda\/amor-y-cine\/#primaryimage\"},\"thumbnailUrl\":\"https:\/\/lumiererosario.gob.ar\/web\/wp-content\/uploads\/2025\/08\/4.jpg\",\"datePublished\":\"2025-08-29T15:49:02+00:00\",\"breadcrumb\":{\"@id\":\"https:\/\/lumiererosario.gob.ar\/web\/agenda\/amor-y-cine\/#breadcrumb\"},\"inLanguage\":\"es\",\"potentialAction\":[{\"@type\":\"ReadAction\",\"target\":[\"https:\/\/lumiererosario.gob.ar\/web\/agenda\/amor-y-cine\/\"]}]},{\"@type\":\"ImageObject\",\"inLanguage\":\"es\",\"@id\":\"https:\/\/lumiererosario.gob.ar\/web\/agenda\/amor-y-cine\/#primaryimage\",\"url\":\"https:\/\/lumiererosario.gob.ar\/web\/wp-content\/uploads\/2025\/08\/4.jpg\",\"contentUrl\":\"https:\/\/lumiererosario.gob.ar\/web\/wp-content\/uploads\/2025\/08\/4.jpg\",\"width\":1920,\"height\":1080},{\"@type\":\"BreadcrumbList\",\"@id\":\"https:\/\/lumiererosario.gob.ar\/web\/agenda\/amor-y-cine\/#breadcrumb\",\"itemListElement\":[{\"@type\":\"ListItem\",\"position\":1,\"name\":\"Portada\",\"item\":\"https:\/\/lumiererosario.gob.ar\/web\/\"},{\"@type\":\"ListItem\",\"position\":2,\"name\":\"Amor y cine\"}]},{\"@type\":\"WebSite\",\"@id\":\"https:\/\/lumiererosario.gob.ar\/web\/#website\",\"url\":\"https:\/\/lumiererosario.gob.ar\/web\/\",\"name\":\"Centro Cultural Cine Lumi\u00e8re\",\"description\":\"Cine Lumi\u00e8re es el cine p\u00fablico de Municipalidad de Rosario\",\"publisher\":{\"@id\":\"https:\/\/lumiererosario.gob.ar\/web\/#organization\"},\"potentialAction\":[{\"@type\":\"SearchAction\",\"target\":{\"@type\":\"EntryPoint\",\"urlTemplate\":\"https:\/\/lumiererosario.gob.ar\/web\/?s={search_term_string}\"},\"query-input\":{\"@type\":\"PropertyValueSpecification\",\"valueRequired\":true,\"valueName\":\"search_term_string\"}}],\"inLanguage\":\"es\"},{\"@type\":\"Organization\",\"@id\":\"https:\/\/lumiererosario.gob.ar\/web\/#organization\",\"name\":\"Centro Cultural Cine Lumi\u00e8re\",\"url\":\"https:\/\/lumiererosario.gob.ar\/web\/\",\"logo\":{\"@type\":\"ImageObject\",\"inLanguage\":\"es\",\"@id\":\"https:\/\/lumiererosario.gob.ar\/web\/#\/schema\/logo\/image\/\",\"url\":\"https:\/\/lumiererosario.gob.ar\/web\/wp-content\/uploads\/2019\/10\/logo-lumiere.png\",\"contentUrl\":\"https:\/\/lumiererosario.gob.ar\/web\/wp-content\/uploads\/2019\/10\/logo-lumiere.png\",\"width\":350,\"height\":175,\"caption\":\"Centro Cultural Cine Lumi\u00e8re\"},\"image\":{\"@id\":\"https:\/\/lumiererosario.gob.ar\/web\/#\/schema\/logo\/image\/\"},\"sameAs\":[\"https:\/\/es-la.facebook.com\/CentroCulturalCineLumiere\/\",\"https:\/\/www.instagram.com\/cccinelumiere\/\",\"https:\/\/www.youtube.com\/channel\/UCuhG8G0hl5YdZz-j9xf2muQ\/videos\"]}]}<\/script>\n<!-- \/ Yoast SEO plugin. -->","yoast_head_json":{"title":"Amor y cine - Centro Cultural Cine Lumi\u00e8re","robots":{"index":"index","follow":"follow","max-snippet":"max-snippet:-1","max-image-preview":"max-image-preview:large","max-video-preview":"max-video-preview:-1"},"canonical":"https:\/\/lumiererosario.gob.ar\/web\/agenda\/amor-y-cine\/","og_locale":"es_ES","og_type":"article","og_title":"Amor y cine - Centro Cultural Cine Lumi\u00e8re","og_description":"Festival La Mujer y el Cine Documental | Argentina | 2023 | 64\u2019\u00a0 | ATP Direcci\u00f3n: Victoria Carreras &nbsp; Victoria interpela la obra de su padre, Enrique Carreras, director argentino de noventa y cinco largometrajes. Enrique bati\u00f3 un r\u00e9cord, pero no lo hizo solo. El film es un ejercicio de memoria compartido con su madre, [&hellip;]","og_url":"https:\/\/lumiererosario.gob.ar\/web\/agenda\/amor-y-cine\/","og_site_name":"Centro Cultural Cine Lumi\u00e8re","article_publisher":"https:\/\/es-la.facebook.com\/CentroCulturalCineLumiere\/","og_image":[{"width":1920,"height":1080,"url":"https:\/\/lumiererosario.gob.ar\/web\/wp-content\/uploads\/2025\/08\/4.jpg","type":"image\/jpeg"}],"twitter_misc":{"Tiempo de lectura":"1 minuto"},"schema":{"@context":"https:\/\/schema.org","@graph":[{"@type":"WebPage","@id":"https:\/\/lumiererosario.gob.ar\/web\/agenda\/amor-y-cine\/","url":"https:\/\/lumiererosario.gob.ar\/web\/agenda\/amor-y-cine\/","name":"Amor y cine - Centro Cultural Cine Lumi\u00e8re","isPartOf":{"@id":"https:\/\/lumiererosario.gob.ar\/web\/#website"},"primaryImageOfPage":{"@id":"https:\/\/lumiererosario.gob.ar\/web\/agenda\/amor-y-cine\/#primaryimage"},"image":{"@id":"https:\/\/lumiererosario.gob.ar\/web\/agenda\/amor-y-cine\/#primaryimage"},"thumbnailUrl":"https:\/\/lumiererosario.gob.ar\/web\/wp-content\/uploads\/2025\/08\/4.jpg","datePublished":"2025-08-29T15:49:02+00:00","breadcrumb":{"@id":"https:\/\/lumiererosario.gob.ar\/web\/agenda\/amor-y-cine\/#breadcrumb"},"inLanguage":"es","potentialAction":[{"@type":"ReadAction","target":["https:\/\/lumiererosario.gob.ar\/web\/agenda\/amor-y-cine\/"]}]},{"@type":"ImageObject","inLanguage":"es","@id":"https:\/\/lumiererosario.gob.ar\/web\/agenda\/amor-y-cine\/#primaryimage","url":"https:\/\/lumiererosario.gob.ar\/web\/wp-content\/uploads\/2025\/08\/4.jpg","contentUrl":"https:\/\/lumiererosario.gob.ar\/web\/wp-content\/uploads\/2025\/08\/4.jpg","width":1920,"height":1080},{"@type":"BreadcrumbList","@id":"https:\/\/lumiererosario.gob.ar\/web\/agenda\/amor-y-cine\/#breadcrumb","itemListElement":[{"@type":"ListItem","position":1,"name":"Portada","item":"https:\/\/lumiererosario.gob.ar\/web\/"},{"@type":"ListItem","position":2,"name":"Amor y cine"}]},{"@type":"WebSite","@id":"https:\/\/lumiererosario.gob.ar\/web\/#website","url":"https:\/\/lumiererosario.gob.ar\/web\/","name":"Centro Cultural Cine Lumi\u00e8re","description":"Cine Lumi\u00e8re es el cine p\u00fablico de Municipalidad de Rosario","publisher":{"@id":"https:\/\/lumiererosario.gob.ar\/web\/#organization"},"potentialAction":[{"@type":"SearchAction","target":{"@type":"EntryPoint","urlTemplate":"https:\/\/lumiererosario.gob.ar\/web\/?s={search_term_string}"},"query-input":{"@type":"PropertyValueSpecification","valueRequired":true,"valueName":"search_term_string"}}],"inLanguage":"es"},{"@type":"Organization","@id":"https:\/\/lumiererosario.gob.ar\/web\/#organization","name":"Centro Cultural Cine Lumi\u00e8re","url":"https:\/\/lumiererosario.gob.ar\/web\/","logo":{"@type":"ImageObject","inLanguage":"es","@id":"https:\/\/lumiererosario.gob.ar\/web\/#\/schema\/logo\/image\/","url":"https:\/\/lumiererosario.gob.ar\/web\/wp-content\/uploads\/2019\/10\/logo-lumiere.png","contentUrl":"https:\/\/lumiererosario.gob.ar\/web\/wp-content\/uploads\/2019\/10\/logo-lumiere.png","width":350,"height":175,"caption":"Centro Cultural Cine Lumi\u00e8re"},"image":{"@id":"https:\/\/lumiererosario.gob.ar\/web\/#\/schema\/logo\/image\/"},"sameAs":["https:\/\/es-la.facebook.com\/CentroCulturalCineLumiere\/","https:\/\/www.instagram.com\/cccinelumiere\/","https:\/\/www.youtube.com\/channel\/UCuhG8G0hl5YdZz-j9xf2muQ\/videos"]}]}},"_links":{"self":[{"href":"https:\/\/lumiererosario.gob.ar\/web\/wp-json\/wp\/v2\/mec-events\/12261"}],"collection":[{"href":"https:\/\/lumiererosario.gob.ar\/web\/wp-json\/wp\/v2\/mec-events"}],"about":[{"href":"https:\/\/lumiererosario.gob.ar\/web\/wp-json\/wp\/v2\/types\/mec-events"}],"author":[{"embeddable":true,"href":"https:\/\/lumiererosario.gob.ar\/web\/wp-json\/wp\/v2\/users\/4"}],"replies":[{"embeddable":true,"href":"https:\/\/lumiererosario.gob.ar\/web\/wp-json\/wp\/v2\/comments?post=12261"}],"wp:featuredmedia":[{"embeddable":true,"href":"https:\/\/lumiererosario.gob.ar\/web\/wp-json\/wp\/v2\/media\/12262"}],"wp:attachment":[{"href":"https:\/\/lumiererosario.gob.ar\/web\/wp-json\/wp\/v2\/media?parent=12261"}],"wp:term":[{"taxonomy":"post_tag","embeddable":true,"href":"https:\/\/lumiererosario.gob.ar\/web\/wp-json\/wp\/v2\/tags?post=12261"},{"taxonomy":"mec_category","embeddable":true,"href":"https:\/\/lumiererosario.gob.ar\/web\/wp-json\/wp\/v2\/mec_category?post=12261"}],"curies":[{"name":"wp","href":"https:\/\/api.w.org\/{rel}","templated":true}]}}

<p>Festival La Mujer y el Cine</p>
<p><span style="font-weight: 400;">Documental | Argentina | 2023 | 64’  |</span><span style="font-weight: 400;"> ATP</span></p>
<p><span style="font-weight: 400;">Dirección: Victoria Carreras</span></p>
<p>&nbsp;</p>
<p><span style="font-weight: 400;">Victoria interpela la obra de su padre, Enrique Carreras, director argentino de noventa y cinco largometrajes. Enrique batió un récord, pero no lo hizo solo. El film es un ejercicio de memoria compartido con su madre, la actriz Mercedes Carreras, con quien recorre cuatro décadas de Amor y Cine. El documental explora la relación del director con sus colaboradores, los productores, la crítica y el público.</span></p>
<p>&nbsp;</p>
<p><span style="font-weight: 400;">Festivales y Premios</span></p>
<p><span style="font-weight: 400;">38° Festival Internacional de Cine de Mar del Plata, Argentina, 2023.</span></p>
<p><span style="font-weight: 400;">9° Festival Internacional de Cine de las Alturas, Argentina, 2024.</span></p>
<p><span style="font-weight: 400;">36° Festival La Mujer y el Cine, Argentina, 2024.</span></p>
<p><span style="font-weight: 400;">Mejor película documental, Selección Oficial Festival Nacional de Cine de Luján EN FOCO, Argentina, agosto, 2024.  </span></p>
<p>&nbsp;</p>
<p>ENTRADA GRATUITA<br />
Boletería abierta 30min antes de cada función</p>
<p>Sala climatizada<br />
Cine Lumière | Vélez Sarsfield 1027</p>

<p>Festival La Mujer y el Cine Documental | Argentina | 2023 | 64’  | ATP Dirección: Victoria Carreras &nbsp; Victoria interpela la obra de su padre, Enrique Carreras, director argentino de noventa y cinco largometrajes. Enrique batió un récord, pero no lo hizo solo. El film es un ejercicio de memoria compartido con su madre, [&hellip;]</p>

<!-- This site is optimized with the Yoast SEO plugin v25.6 - https://yoast.com/wordpress/plugins/seo/ -->
<title>Amor y cine - Centro Cultural Cine Lumière</title>
<meta name="robots" content="index, follow, max-snippet:-1, max-image-preview:large, max-video-preview:-1" />
<link rel="canonical" href="https://lumiererosario.gob.ar/web/agenda/amor-y-cine/" />
<meta property="og:locale" content="es_ES" />
<meta property="og:type" content="article" />
<meta property="og:title" content="Amor y cine - Centro Cultural Cine Lumière" />
<meta property="og:description" content="Festival La Mujer y el Cine Documental | Argentina | 2023 | 64’  | ATP Dirección: Victoria Carreras &nbsp; Victoria interpela la obra de su padre, Enrique Carreras, director argentino de noventa y cinco largometrajes. Enrique batió un récord, pero no lo hizo solo. El film es un ejercicio de memoria compartido con su madre, [&hellip;]" />
<meta property="og:url" content="https://lumiererosario.gob.ar/web/agenda/amor-y-cine/" />
<meta property="og:site_name" content="Centro Cultural Cine Lumière" />
<meta property="article:publisher" content="https://es-la.facebook.com/CentroCulturalCineLumiere/" />
<meta property="og:image" content="https://lumiererosario.gob.ar/web/wp-content/uploads/2025/08/4.jpg" />
	<meta property="og:image:width" content="1920" />
	<meta property="og:image:height" content="1080" />
	<meta property="og:image:type" content="image/jpeg" />
<meta name="twitter:label1" content="Tiempo de lectura" />
	<meta name="twitter:data1" content="1 minuto" />
<script type="application/ld+json" class="yoast-schema-graph">{"@context":"https://schema.org","@graph":[{"@type":"WebPage","@id":"https://lumiererosario.gob.ar/web/agenda/amor-y-cine/","url":"https://lumiererosario.gob.ar/web/agenda/amor-y-cine/","name":"Amor y cine - Centro Cultural Cine Lumière","isPartOf":{"@id":"https://lumiererosario.gob.ar/web/#website"},"primaryImageOfPage":{"@id":"https://lumiererosario.gob.ar/web/agenda/amor-y-cine/#primaryimage"},"image":{"@id":"https://lumiererosario.gob.ar/web/agenda/amor-y-cine/#primaryimage"},"thumbnailUrl":"https://lumiererosario.gob.ar/web/wp-content/uploads/2025/08/4.jpg","datePublished":"2025-08-29T15:49:02+00:00","breadcrumb":{"@id":"https://lumiererosario.gob.ar/web/agenda/amor-y-cine/#breadcrumb"},"inLanguage":"es","potentialAction":[{"@type":"ReadAction","target":["https://lumiererosario.gob.ar/web/agenda/amor-y-cine/"]}]},{"@type":"ImageObject","inLanguage":"es","@id":"https://lumiererosario.gob.ar/web/agenda/amor-y-cine/#primaryimage","url":"https://lumiererosario.gob.ar/web/wp-content/uploads/2025/08/4.jpg","contentUrl":"https://lumiererosario.gob.ar/web/wp-content/uploads/2025/08/4.jpg","width":1920,"height":1080},{"@type":"BreadcrumbList","@id":"https://lumiererosario.gob.ar/web/agenda/amor-y-cine/#breadcrumb","itemListElement":[{"@type":"ListItem","position":1,"name":"Portada","item":"https://lumiererosario.gob.ar/web/"},{"@type":"ListItem","position":2,"name":"Amor y cine"}]},{"@type":"WebSite","@id":"https://lumiererosario.gob.ar/web/#website","url":"https://lumiererosario.gob.ar/web/","name":"Centro Cultural Cine Lumière","description":"Cine Lumière es el cine público de Municipalidad de Rosario","publisher":{"@id":"https://lumiererosario.gob.ar/web/#organization"},"potentialAction":[{"@type":"SearchAction","target":{"@type":"EntryPoint","urlTemplate":"https://lumiererosario.gob.ar/web/?s={search_term_string}"},"query-input":{"@type":"PropertyValueSpecification","valueRequired":true,"valueName":"search_term_string"}}],"inLanguage":"es"},{"@type":"Organization","@id":"https://lumiererosario.gob.ar/web/#organization","name":"Centro Cultural Cine Lumière","url":"https://lumiererosario.gob.ar/web/","logo":{"@type":"ImageObject","inLanguage":"es","@id":"https://lumiererosario.gob.ar/web/#/schema/logo/image/","url":"https://lumiererosario.gob.ar/web/wp-content/uploads/2019/10/logo-lumiere.png","contentUrl":"https://lumiererosario.gob.ar/web/wp-content/uploads/2019/10/logo-lumiere.png","width":350,"height":175,"caption":"Centro Cultural Cine Lumière"},"image":{"@id":"https://lumiererosario.gob.ar/web/#/schema/logo/image/"},"sameAs":["https://es-la.facebook.com/CentroCulturalCineLumiere/","https://www.instagram.com/cccinelumiere/","https://www.youtube.com/channel/UCuhG8G0hl5YdZz-j9xf2muQ/videos"]}]}</script>
<!-- / Yoast SEO plugin. -->

Amor y cine - Centro Cultural Cine Lumière

Festival La Mujer y el Cine Documental | Argentina | 2023 | 64’  | ATP Dirección: Victoria Carreras &nbsp; Victoria interpela la obra de su padre, Enrique Carreras, director argentino de noventa y cinco largometrajes. Enrique batió un récord, pero no lo hizo solo. El film es un ejercicio de memoria compartido con su madre, [&hellip;]

Centro Cultural Cine Lumière

Cine Lumière es el cine público de Municipalidad de Rosario
